{"id":34997,"date":"2024-04-01T15:59:09","date_gmt":"2024-04-01T13:59:09","guid":{"rendered":"https:\/\/hijascaridad.sjdigitaldemo.ovh\/?post_type=rincon-oracion&#038;p=34997"},"modified":"2024-05-10T16:04:13","modified_gmt":"2024-05-10T14:04:13","slug":"fica-connosco-jesus-ressuscitou","status":"publish","type":"rincon-oracion","link":"https:\/\/filles-de-la-charite.org\/pt-pt\/rincon-oracion\/fica-connosco-jesus-ressuscitou\/","title":{"rendered":"FICA CONNOSCO, JESUS RESSUSCITOU!"},"content":{"rendered":"\n<p>A ressurrei\u00e7\u00e3o \u00e9 o fato central da f\u00e9 crist\u00e3. Ela come\u00e7a com derrota, crucifica\u00e7\u00e3o e dor, mas termina em triunfo. As religi\u00f5es alegres podem se testar em dias em que n\u00e3o h\u00e1 morte, luto ou tristeza, mas foi preciso o Amor de Deus, que toca nossas trag\u00e9dias na vida, para nos convencer de que Nele tamb\u00e9m podemos ter nossa P\u00e1scoa depois de nossa pr\u00f3pria Sexta-feira Santa. Arcebispo F. J. Sheen, (31 de mar\u00e7o de 1956). [Sobre a P\u00e1scoa].<\/p>\n\n\n\n<figure class=\"wp-block-embed is-type-video is-provider-youtube wp-block-embed-youtube wp-embed-aspect-16-9 wp-has-aspect-ratio\"><div class=\"wp-block-embed__wrapper\">\n<iframe loading=\"lazy\" title=\"FICA CONNOSCO, JESUS RESSUSCITOU! PT\" width=\"1080\" height=\"608\" src=\"https:\/\/www.youtube.com\/embed\/z7Lk1yaeXzc?feature=oembed\"  allow=\"accelerometer; autoplay; clipboard-write; encrypted-media; gyroscope; picture-in-picture; web-share\" referrerpolicy=\"strict-origin-when-cross-origin\" allowfullscreen><\/iframe>\n<\/div><\/figure>\n","protected":false},"featured_media":34966,"template":"","meta":{"_acf_changed":false,"_links_to":"","_links_to_target":""},"class_list":["post-34997","rincon-oracion","type-rincon-oracion","status-publish","has-post-thumbnail","hentry"],"acf":[],"yoast_head":"<!-- This site is optimized with the Yoast SEO plugin v27.5 - https:\/\/yoast.com\/product\/yoast-seo-wordpress\/ -->\n<title>FICA CONNOSCO, JESUS RESSUSCITOU! - Filles de la Charit\u00e9<\/title>\n<meta name=\"robots\" content=\"index, follow, max-snippet:-1, max-image-preview:large, max-video-preview:-1\" \/>\n<link rel=\"canonical\" href=\"https:\/\/filles-de-la-charite.org\/pt-pt\/rincon-oracion\/fica-connosco-jesus-ressuscitou\/\" \/>\n<meta property=\"og:locale\" content=\"pt_PT\" \/>\n<meta property=\"og:type\" content=\"article\" \/>\n<meta property=\"og:title\" content=\"FICA CONNOSCO, JESUS RESSUSCITOU! - Filles de la Charit\u00e9\" \/>\n<meta property=\"og:description\" content=\"A ressurrei\u00e7\u00e3o \u00e9 o fato central da f\u00e9 crist\u00e3. Ela come\u00e7a com derrota, crucifica\u00e7\u00e3o e dor, mas termina em triunfo. As religi\u00f5es alegres podem se testar em dias em que n\u00e3o h\u00e1 morte, luto ou tristeza, mas foi preciso o Amor de Deus, que toca nossas trag\u00e9dias na vida, para nos convencer de que Nele [&hellip;]\" \/>\n<meta property=\"og:url\" content=\"https:\/\/filles-de-la-charite.org\/pt-pt\/rincon-oracion\/fica-connosco-jesus-ressuscitou\/\" \/>\n<meta property=\"og:site_name\" content=\"Filles de la Charit\u00e9\" \/>\n<meta property=\"article:modified_time\" content=\"2024-05-10T14:04:13+00:00\" \/>\n<meta property=\"og:image\" content=\"https:\/\/filles-de-la-charite.org\/wp-content\/uploads\/2024\/05\/FICA-CONNOSCO-JESUS-RESSUSCITOU-PT-scaled.jpg\" \/>\n\t<meta property=\"og:image:width\" content=\"2560\" \/>\n\t<meta property=\"og:image:height\" content=\"1440\" \/>\n\t<meta property=\"og:image:type\" content=\"image\/jpeg\" \/>\n<meta name=\"twitter:card\" content=\"summary_large_image\" \/>\n<meta name=\"twitter:label1\" content=\"Tempo estimado de leitura\" \/>\n\t<meta name=\"twitter:data1\" content=\"1 minuto\" \/>\n<script type=\"application\/ld+json\" class=\"yoast-schema-graph\">{\"@context\":\"https:\\\/\\\/schema.org\",\"@graph\":[{\"@type\":\"WebPage\",\"@id\":\"https:\\\/\\\/filles-de-la-charite.org\\\/pt-pt\\\/rincon-oracion\\\/fica-connosco-jesus-ressuscitou\\\/\",\"url\":\"https:\\\/\\\/filles-de-la-charite.org\\\/pt-pt\\\/rincon-oracion\\\/fica-connosco-jesus-ressuscitou\\\/\",\"name\":\"FICA CONNOSCO, JESUS RESSUSCITOU! - Filles de la Charit\u00e9\",\"isPartOf\":{\"@id\":\"https:\\\/\\\/filles-de-la-charite.org\\\/pt-pt\\\/#website\"},\"primaryImageOfPage\":{\"@id\":\"https:\\\/\\\/filles-de-la-charite.org\\\/pt-pt\\\/rincon-oracion\\\/fica-connosco-jesus-ressuscitou\\\/#primaryimage\"},\"image\":{\"@id\":\"https:\\\/\\\/filles-de-la-charite.org\\\/pt-pt\\\/rincon-oracion\\\/fica-connosco-jesus-ressuscitou\\\/#primaryimage\"},\"thumbnailUrl\":\"https:\\\/\\\/filles-de-la-charite.org\\\/wp-content\\\/uploads\\\/2024\\\/05\\\/FICA-CONNOSCO-JESUS-RESSUSCITOU-PT-scaled.jpg\",\"datePublished\":\"2024-04-01T13:59:09+00:00\",\"dateModified\":\"2024-05-10T14:04:13+00:00\",\"inLanguage\":\"pt-PT\",\"potentialAction\":[{\"@type\":\"ReadAction\",\"target\":[\"https:\\\/\\\/filles-de-la-charite.org\\\/pt-pt\\\/rincon-oracion\\\/fica-connosco-jesus-ressuscitou\\\/\"]}]},{\"@type\":\"ImageObject\",\"inLanguage\":\"pt-PT\",\"@id\":\"https:\\\/\\\/filles-de-la-charite.org\\\/pt-pt\\\/rincon-oracion\\\/fica-connosco-jesus-ressuscitou\\\/#primaryimage\",\"url\":\"https:\\\/\\\/filles-de-la-charite.org\\\/wp-content\\\/uploads\\\/2024\\\/05\\\/FICA-CONNOSCO-JESUS-RESSUSCITOU-PT-scaled.jpg\",\"contentUrl\":\"https:\\\/\\\/filles-de-la-charite.org\\\/wp-content\\\/uploads\\\/2024\\\/05\\\/FICA-CONNOSCO-JESUS-RESSUSCITOU-PT-scaled.jpg\",\"width\":2560,\"height\":1440},{\"@type\":\"WebSite\",\"@id\":\"https:\\\/\\\/filles-de-la-charite.org\\\/pt-pt\\\/#website\",\"url\":\"https:\\\/\\\/filles-de-la-charite.org\\\/pt-pt\\\/\",\"name\":\"Hijas de la Caridad\",\"description\":\"L\u2019amour de J\u00e9sus nous presse \u00e0 prendre soin des personnes les plus d\u00e9munies\",\"publisher\":{\"@id\":\"https:\\\/\\\/filles-de-la-charite.org\\\/pt-pt\\\/#organization\"},\"potentialAction\":[{\"@type\":\"SearchAction\",\"target\":{\"@type\":\"EntryPoint\",\"urlTemplate\":\"https:\\\/\\\/filles-de-la-charite.org\\\/pt-pt\\\/?s={search_term_string}\"},\"query-input\":{\"@type\":\"PropertyValueSpecification\",\"valueRequired\":true,\"valueName\":\"search_term_string\"}}],\"inLanguage\":\"pt-PT\"},{\"@type\":\"Organization\",\"@id\":\"https:\\\/\\\/filles-de-la-charite.org\\\/pt-pt\\\/#organization\",\"name\":\"Hijas de la Caridad\",\"url\":\"https:\\\/\\\/filles-de-la-charite.org\\\/pt-pt\\\/\",\"logo\":{\"@type\":\"ImageObject\",\"inLanguage\":\"pt-PT\",\"@id\":\"https:\\\/\\\/filles-de-la-charite.org\\\/pt-pt\\\/#\\\/schema\\\/logo\\\/image\\\/\",\"url\":\"https:\\\/\\\/filles-de-la-charite.org\\\/wp-content\\\/uploads\\\/2023\\\/03\\\/isotipo-Hijas-de-la-Caridad.png\",\"contentUrl\":\"https:\\\/\\\/filles-de-la-charite.org\\\/wp-content\\\/uploads\\\/2023\\\/03\\\/isotipo-Hijas-de-la-Caridad.png\",\"width\":1417,\"height\":1417,\"caption\":\"Hijas de la Caridad\"},\"image\":{\"@id\":\"https:\\\/\\\/filles-de-la-charite.org\\\/pt-pt\\\/#\\\/schema\\\/logo\\\/image\\\/\"}}]}<\/script>\n<!-- \/ Yoast SEO plugin. -->","yoast_head_json":{"title":"FICA CONNOSCO, JESUS RESSUSCITOU! - Filles de la Charit\u00e9","robots":{"index":"index","follow":"follow","max-snippet":"max-snippet:-1","max-image-preview":"max-image-preview:large","max-video-preview":"max-video-preview:-1"},"canonical":"https:\/\/filles-de-la-charite.org\/pt-pt\/rincon-oracion\/fica-connosco-jesus-ressuscitou\/","og_locale":"pt_PT","og_type":"article","og_title":"FICA CONNOSCO, JESUS RESSUSCITOU! - Filles de la Charit\u00e9","og_description":"A ressurrei\u00e7\u00e3o \u00e9 o fato central da f\u00e9 crist\u00e3. Ela come\u00e7a com derrota, crucifica\u00e7\u00e3o e dor, mas termina em triunfo. As religi\u00f5es alegres podem se testar em dias em que n\u00e3o h\u00e1 morte, luto ou tristeza, mas foi preciso o Amor de Deus, que toca nossas trag\u00e9dias na vida, para nos convencer de que Nele [&hellip;]","og_url":"https:\/\/filles-de-la-charite.org\/pt-pt\/rincon-oracion\/fica-connosco-jesus-ressuscitou\/","og_site_name":"Filles de la Charit\u00e9","article_modified_time":"2024-05-10T14:04:13+00:00","og_image":[{"width":2560,"height":1440,"url":"https:\/\/filles-de-la-charite.org\/wp-content\/uploads\/2024\/05\/FICA-CONNOSCO-JESUS-RESSUSCITOU-PT-scaled.jpg","type":"image\/jpeg"}],"twitter_card":"summary_large_image","twitter_misc":{"Tempo estimado de leitura":"1 minuto"},"schema":{"@context":"https:\/\/schema.org","@graph":[{"@type":"WebPage","@id":"https:\/\/filles-de-la-charite.org\/pt-pt\/rincon-oracion\/fica-connosco-jesus-ressuscitou\/","url":"https:\/\/filles-de-la-charite.org\/pt-pt\/rincon-oracion\/fica-connosco-jesus-ressuscitou\/","name":"FICA CONNOSCO, JESUS RESSUSCITOU! - Filles de la Charit\u00e9","isPartOf":{"@id":"https:\/\/filles-de-la-charite.org\/pt-pt\/#website"},"primaryImageOfPage":{"@id":"https:\/\/filles-de-la-charite.org\/pt-pt\/rincon-oracion\/fica-connosco-jesus-ressuscitou\/#primaryimage"},"image":{"@id":"https:\/\/filles-de-la-charite.org\/pt-pt\/rincon-oracion\/fica-connosco-jesus-ressuscitou\/#primaryimage"},"thumbnailUrl":"https:\/\/filles-de-la-charite.org\/wp-content\/uploads\/2024\/05\/FICA-CONNOSCO-JESUS-RESSUSCITOU-PT-scaled.jpg","datePublished":"2024-04-01T13:59:09+00:00","dateModified":"2024-05-10T14:04:13+00:00","inLanguage":"pt-PT","potentialAction":[{"@type":"ReadAction","target":["https:\/\/filles-de-la-charite.org\/pt-pt\/rincon-oracion\/fica-connosco-jesus-ressuscitou\/"]}]},{"@type":"ImageObject","inLanguage":"pt-PT","@id":"https:\/\/filles-de-la-charite.org\/pt-pt\/rincon-oracion\/fica-connosco-jesus-ressuscitou\/#primaryimage","url":"https:\/\/filles-de-la-charite.org\/wp-content\/uploads\/2024\/05\/FICA-CONNOSCO-JESUS-RESSUSCITOU-PT-scaled.jpg","contentUrl":"https:\/\/filles-de-la-charite.org\/wp-content\/uploads\/2024\/05\/FICA-CONNOSCO-JESUS-RESSUSCITOU-PT-scaled.jpg","width":2560,"height":1440},{"@type":"WebSite","@id":"https:\/\/filles-de-la-charite.org\/pt-pt\/#website","url":"https:\/\/filles-de-la-charite.org\/pt-pt\/","name":"Hijas de la Caridad","description":"L\u2019amour de J\u00e9sus nous presse \u00e0 prendre soin des personnes les plus d\u00e9munies","publisher":{"@id":"https:\/\/filles-de-la-charite.org\/pt-pt\/#organization"},"potentialAction":[{"@type":"SearchAction","target":{"@type":"EntryPoint","urlTemplate":"https:\/\/filles-de-la-charite.org\/pt-pt\/?s={search_term_string}"},"query-input":{"@type":"PropertyValueSpecification","valueRequired":true,"valueName":"search_term_string"}}],"inLanguage":"pt-PT"},{"@type":"Organization","@id":"https:\/\/filles-de-la-charite.org\/pt-pt\/#organization","name":"Hijas de la Caridad","url":"https:\/\/filles-de-la-charite.org\/pt-pt\/","logo":{"@type":"ImageObject","inLanguage":"pt-PT","@id":"https:\/\/filles-de-la-charite.org\/pt-pt\/#\/schema\/logo\/image\/","url":"https:\/\/filles-de-la-charite.org\/wp-content\/uploads\/2023\/03\/isotipo-Hijas-de-la-Caridad.png","contentUrl":"https:\/\/filles-de-la-charite.org\/wp-content\/uploads\/2023\/03\/isotipo-Hijas-de-la-Caridad.png","width":1417,"height":1417,"caption":"Hijas de la Caridad"},"image":{"@id":"https:\/\/filles-de-la-charite.org\/pt-pt\/#\/schema\/logo\/image\/"}}]}},"_links":{"self":[{"href":"https:\/\/filles-de-la-charite.org\/pt-pt\/wp-json\/wp\/v2\/rincon-oracion\/34997","targetHints":{"allow":["GET"]}}],"collection":[{"href":"https:\/\/filles-de-la-charite.org\/pt-pt\/wp-json\/wp\/v2\/rincon-oracion"}],"about":[{"href":"https:\/\/filles-de-la-charite.org\/pt-pt\/wp-json\/wp\/v2\/types\/rincon-oracion"}],"wp:featuredmedia":[{"embeddable":true,"href":"https:\/\/filles-de-la-charite.org\/pt-pt\/wp-json\/wp\/v2\/media\/34966"}],"wp:attachment":[{"href":"https:\/\/filles-de-la-charite.org\/pt-pt\/wp-json\/wp\/v2\/media?parent=34997"}],"curies":[{"name":"wp","href":"https:\/\/api.w.org\/{rel}","templated":true}]}}

<p>A ressurreição é o fato central da fé cristã. Ela começa com derrota, crucificação e dor, mas termina em triunfo. As religiões alegres podem se testar em dias em que não há morte, luto ou tristeza, mas foi preciso o Amor de Deus, que toca nossas tragédias na vida, para nos convencer de que Nele também podemos ter nossa Páscoa depois de nossa própria Sexta-feira Santa. Arcebispo F. J. Sheen, (31 de março de 1956). [Sobre a Páscoa].</p>



<figure class="wp-block-embed is-type-video is-provider-youtube wp-block-embed-youtube wp-embed-aspect-16-9 wp-has-aspect-ratio"><div class="wp-block-embed__wrapper">
<iframe loading="lazy" title="FICA CONNOSCO, JESUS RESSUSCITOU! PT" width="1080" height="608" src="https://www.youtube.com/embed/z7Lk1yaeXzc?feature=oembed"  allow="accelerometer; autoplay; clipboard-write; encrypted-media; gyroscope; picture-in-picture; web-share" referrerpolicy="strict-origin-when-cross-origin" allowfullscreen></iframe>
</div></figure>

<!-- This site is optimized with the Yoast SEO plugin v27.5 - https://yoast.com/product/yoast-seo-wordpress/ -->
<title>FICA CONNOSCO, JESUS RESSUSCITOU! - Filles de la Charité</title>
<meta name="robots" content="index, follow, max-snippet:-1, max-image-preview:large, max-video-preview:-1" />
<link rel="canonical" href="https://filles-de-la-charite.org/pt-pt/rincon-oracion/fica-connosco-jesus-ressuscitou/" />
<meta property="og:locale" content="pt_PT" />
<meta property="og:type" content="article" />
<meta property="og:title" content="FICA CONNOSCO, JESUS RESSUSCITOU! - Filles de la Charité" />
<meta property="og:description" content="A ressurreição é o fato central da fé cristã. Ela começa com derrota, crucificação e dor, mas termina em triunfo. As religiões alegres podem se testar em dias em que não há morte, luto ou tristeza, mas foi preciso o Amor de Deus, que toca nossas tragédias na vida, para nos convencer de que Nele [&hellip;]" />
<meta property="og:url" content="https://filles-de-la-charite.org/pt-pt/rincon-oracion/fica-connosco-jesus-ressuscitou/" />
<meta property="og:site_name" content="Filles de la Charité" />
<meta property="article:modified_time" content="2024-05-10T14:04:13+00:00" />
<meta property="og:image" content="https://filles-de-la-charite.org/wp-content/uploads/2024/05/FICA-CONNOSCO-JESUS-RESSUSCITOU-PT-scaled.jpg" />
	<meta property="og:image:width" content="2560" />
	<meta property="og:image:height" content="1440" />
	<meta property="og:image:type" content="image/jpeg" />
<meta name="twitter:card" content="summary_large_image" />
<meta name="twitter:label1" content="Tempo estimado de leitura" />
	<meta name="twitter:data1" content="1 minuto" />
<script type="application/ld+json" class="yoast-schema-graph">{"@context":"https:\/\/schema.org","@graph":[{"@type":"WebPage","@id":"https:\/\/filles-de-la-charite.org\/pt-pt\/rincon-oracion\/fica-connosco-jesus-ressuscitou\/","url":"https:\/\/filles-de-la-charite.org\/pt-pt\/rincon-oracion\/fica-connosco-jesus-ressuscitou\/","name":"FICA CONNOSCO, JESUS RESSUSCITOU! - Filles de la Charité","isPartOf":{"@id":"https:\/\/filles-de-la-charite.org\/pt-pt\/#website"},"primaryImageOfPage":{"@id":"https:\/\/filles-de-la-charite.org\/pt-pt\/rincon-oracion\/fica-connosco-jesus-ressuscitou\/#primaryimage"},"image":{"@id":"https:\/\/filles-de-la-charite.org\/pt-pt\/rincon-oracion\/fica-connosco-jesus-ressuscitou\/#primaryimage"},"thumbnailUrl":"https:\/\/filles-de-la-charite.org\/wp-content\/uploads\/2024\/05\/FICA-CONNOSCO-JESUS-RESSUSCITOU-PT-scaled.jpg","datePublished":"2024-04-01T13:59:09+00:00","dateModified":"2024-05-10T14:04:13+00:00","inLanguage":"pt-PT","potentialAction":[{"@type":"ReadAction","target":["https:\/\/filles-de-la-charite.org\/pt-pt\/rincon-oracion\/fica-connosco-jesus-ressuscitou\/"]}]},{"@type":"ImageObject","inLanguage":"pt-PT","@id":"https:\/\/filles-de-la-charite.org\/pt-pt\/rincon-oracion\/fica-connosco-jesus-ressuscitou\/#primaryimage","url":"https:\/\/filles-de-la-charite.org\/wp-content\/uploads\/2024\/05\/FICA-CONNOSCO-JESUS-RESSUSCITOU-PT-scaled.jpg","contentUrl":"https:\/\/filles-de-la-charite.org\/wp-content\/uploads\/2024\/05\/FICA-CONNOSCO-JESUS-RESSUSCITOU-PT-scaled.jpg","width":2560,"height":1440},{"@type":"WebSite","@id":"https:\/\/filles-de-la-charite.org\/pt-pt\/#website","url":"https:\/\/filles-de-la-charite.org\/pt-pt\/","name":"Hijas de la Caridad","description":"L’amour de Jésus nous presse à prendre soin des personnes les plus démunies","publisher":{"@id":"https:\/\/filles-de-la-charite.org\/pt-pt\/#organization"},"potentialAction":[{"@type":"SearchAction","target":{"@type":"EntryPoint","urlTemplate":"https:\/\/filles-de-la-charite.org\/pt-pt\/?s={search_term_string}"},"query-input":{"@type":"PropertyValueSpecification","valueRequired":true,"valueName":"search_term_string"}}],"inLanguage":"pt-PT"},{"@type":"Organization","@id":"https:\/\/filles-de-la-charite.org\/pt-pt\/#organization","name":"Hijas de la Caridad","url":"https:\/\/filles-de-la-charite.org\/pt-pt\/","logo":{"@type":"ImageObject","inLanguage":"pt-PT","@id":"https:\/\/filles-de-la-charite.org\/pt-pt\/#\/schema\/logo\/image\/","url":"https:\/\/filles-de-la-charite.org\/wp-content\/uploads\/2023\/03\/isotipo-Hijas-de-la-Caridad.png","contentUrl":"https:\/\/filles-de-la-charite.org\/wp-content\/uploads\/2023\/03\/isotipo-Hijas-de-la-Caridad.png","width":1417,"height":1417,"caption":"Hijas de la Caridad"},"image":{"@id":"https:\/\/filles-de-la-charite.org\/pt-pt\/#\/schema\/logo\/image\/"}}]}</script>
<!-- / Yoast SEO plugin. -->

FICA CONNOSCO, JESUS RESSUSCITOU! - Filles de la Charité

A ressurreição é o fato central da fé cristã. Ela começa com derrota, crucificação e dor, mas termina em triunfo. As religiões alegres podem se testar em dias em que não há morte, luto ou tristeza, mas foi preciso o Amor de Deus, que toca nossas tragédias na vida, para nos convencer de que Nele [&hellip;]

Filles de la Charité

L’amour de Jésus nous presse à prendre soin des personnes les plus démunies
