{"id":44565,"date":"2025-07-19T00:00:00","date_gmt":"2025-07-18T22:00:00","guid":{"rendered":"https:\/\/filles-de-la-charite.org\/?post_type=rincon-oracion&#038;p=44565"},"modified":"2025-07-20T21:04:52","modified_gmt":"2025-07-20T19:04:52","slug":"eis-a-santissima-virgem-a-noite-entre-18-e-19-de-julho-de-1830","status":"publish","type":"rincon-oracion","link":"https:\/\/filles-de-la-charite.org\/pt-pt\/rincon-oracion\/eis-a-santissima-virgem-a-noite-entre-18-e-19-de-julho-de-1830\/","title":{"rendered":"Eis a Sant\u00edssima Virgem, A noite entre 18 e 19 de julho de 1830"},"content":{"rendered":"\n<p>O ser humano jamais est\u00e1 sozinho, pois Deus se faz presente de forma concreta em sua vida. Ele se manifesta com ternura, inclusive nas apari\u00e7\u00f5es da Virgem Maria, que com cora\u00e7\u00e3o materno cuida dos irm\u00e3os de Jesus. Em todas as fases da vida, Ela continua a nos lembrar, com delicadeza e firmeza, a fazer \u201ctudo o que Ele nos disser\u201d. \u00c9 a\u00ed que reside o verdadeiro sentido da exist\u00eancia, a ess\u00eancia de cada pessoa: seguir com confian\u00e7a os caminhos que Jesus nos aponta. Vamos nos unir aos milhares de peregrinos que compartilham um mesmo prop\u00f3sito e f\u00e9: rezar na Capela da Medalha Milagrosa. O sil\u00eancio que reina ali n\u00e3o \u00e9 vazio - \u00e9 rever\u00eancia. Romp\u00ea-lo seria como quebrar uma sintonia profunda com o sagrado que envolve aquele lugar. H\u00e1 um chamado \u00edntimo que ecoa no cora\u00e7\u00e3o: \u201cVinde aos p\u00e9s deste altar.\u201d E \u00e9 nesse impulso que nossa ora\u00e7\u00e3o se une \u00e0 de tantas pessoas espalhadas pelo mundo \u2014 gente que clama por gra\u00e7as, enfrenta dificuldades, nutre a esperan\u00e7a de ver sua realidade transformada. Mas tamb\u00e9m h\u00e1 muitos cora\u00e7\u00f5es cheios de gratid\u00e3o, desejando expressar a Nossa Senhora seu carinho e reconhecimento por toda prote\u00e7\u00e3o materna recebida. Que Ela continue a interceder por n\u00f3s, com aquele amor que acolhe, guia e jamais nos abandona.<\/p>\n\n\n\n<figure class=\"wp-block-embed is-type-video is-provider-youtube wp-block-embed-youtube wp-embed-aspect-16-9 wp-has-aspect-ratio\"><div class=\"wp-block-embed__wrapper\">\n<iframe loading=\"lazy\" title=\"&quot;Eis a Sant\u00edssima Virgem&quot; - Na noite entre 18 e 19 de julho de 1830 - PT\" width=\"1080\" height=\"608\" src=\"https:\/\/www.youtube.com\/embed\/d7aFxK9f4Uk?feature=oembed\"  allow=\"accelerometer; autoplay; clipboard-write; encrypted-media; gyroscope; picture-in-picture; web-share\" referrerpolicy=\"strict-origin-when-cross-origin\" allowfullscreen><\/iframe>\n<\/div><\/figure>\n","protected":false},"featured_media":44566,"template":"","meta":{"_acf_changed":false,"_links_to":"","_links_to_target":""},"class_list":["post-44565","rincon-oracion","type-rincon-oracion","status-publish","has-post-thumbnail","hentry"],"acf":[],"yoast_head":"<!-- This site is optimized with the Yoast SEO plugin v27.5 - https:\/\/yoast.com\/product\/yoast-seo-wordpress\/ -->\n<title>Eis a Sant\u00edssima Virgem, A noite entre 18 e 19 de julho de 1830 - Filles de la Charit\u00e9<\/title>\n<meta name=\"robots\" content=\"index, follow, max-snippet:-1, max-image-preview:large, max-video-preview:-1\" \/>\n<link rel=\"canonical\" href=\"https:\/\/filles-de-la-charite.org\/pt-pt\/rincon-oracion\/eis-a-santissima-virgem-a-noite-entre-18-e-19-de-julho-de-1830\/\" \/>\n<meta property=\"og:locale\" content=\"pt_PT\" \/>\n<meta property=\"og:type\" content=\"article\" \/>\n<meta property=\"og:title\" content=\"Eis a Sant\u00edssima Virgem, A noite entre 18 e 19 de julho de 1830 - Filles de la Charit\u00e9\" \/>\n<meta property=\"og:description\" content=\"O ser humano jamais est\u00e1 sozinho, pois Deus se faz presente de forma concreta em sua vida. Ele se manifesta com ternura, inclusive nas apari\u00e7\u00f5es da Virgem Maria, que com cora\u00e7\u00e3o materno cuida dos irm\u00e3os de Jesus. Em todas as fases da vida, Ela continua a nos lembrar, com delicadeza e firmeza, a fazer \u201ctudo [&hellip;]\" \/>\n<meta property=\"og:url\" content=\"https:\/\/filles-de-la-charite.org\/pt-pt\/rincon-oracion\/eis-a-santissima-virgem-a-noite-entre-18-e-19-de-julho-de-1830\/\" \/>\n<meta property=\"og:site_name\" content=\"Filles de la Charit\u00e9\" \/>\n<meta property=\"article:modified_time\" content=\"2025-07-20T19:04:52+00:00\" \/>\n<meta property=\"og:image\" content=\"https:\/\/filles-de-la-charite.org\/wp-content\/uploads\/2025\/07\/PT-PC-July.jpg\" \/>\n\t<meta property=\"og:image:width\" content=\"1280\" \/>\n\t<meta property=\"og:image:height\" content=\"720\" \/>\n\t<meta property=\"og:image:type\" content=\"image\/jpeg\" \/>\n<meta name=\"twitter:card\" content=\"summary_large_image\" \/>\n<meta name=\"twitter:label1\" content=\"Tempo estimado de leitura\" \/>\n\t<meta name=\"twitter:data1\" content=\"2 minutos\" \/>\n<script type=\"application\/ld+json\" class=\"yoast-schema-graph\">{\"@context\":\"https:\\\/\\\/schema.org\",\"@graph\":[{\"@type\":\"WebPage\",\"@id\":\"https:\\\/\\\/filles-de-la-charite.org\\\/pt-pt\\\/rincon-oracion\\\/eis-a-santissima-virgem-a-noite-entre-18-e-19-de-julho-de-1830\\\/\",\"url\":\"https:\\\/\\\/filles-de-la-charite.org\\\/pt-pt\\\/rincon-oracion\\\/eis-a-santissima-virgem-a-noite-entre-18-e-19-de-julho-de-1830\\\/\",\"name\":\"Eis a Sant\u00edssima Virgem, A noite entre 18 e 19 de julho de 1830 - Filles de la Charit\u00e9\",\"isPartOf\":{\"@id\":\"https:\\\/\\\/filles-de-la-charite.org\\\/pt-pt\\\/#website\"},\"primaryImageOfPage\":{\"@id\":\"https:\\\/\\\/filles-de-la-charite.org\\\/pt-pt\\\/rincon-oracion\\\/eis-a-santissima-virgem-a-noite-entre-18-e-19-de-julho-de-1830\\\/#primaryimage\"},\"image\":{\"@id\":\"https:\\\/\\\/filles-de-la-charite.org\\\/pt-pt\\\/rincon-oracion\\\/eis-a-santissima-virgem-a-noite-entre-18-e-19-de-julho-de-1830\\\/#primaryimage\"},\"thumbnailUrl\":\"https:\\\/\\\/filles-de-la-charite.org\\\/wp-content\\\/uploads\\\/2025\\\/07\\\/PT-PC-July.jpg\",\"datePublished\":\"2025-07-18T22:00:00+00:00\",\"dateModified\":\"2025-07-20T19:04:52+00:00\",\"inLanguage\":\"pt-PT\",\"potentialAction\":[{\"@type\":\"ReadAction\",\"target\":[\"https:\\\/\\\/filles-de-la-charite.org\\\/pt-pt\\\/rincon-oracion\\\/eis-a-santissima-virgem-a-noite-entre-18-e-19-de-julho-de-1830\\\/\"]}]},{\"@type\":\"ImageObject\",\"inLanguage\":\"pt-PT\",\"@id\":\"https:\\\/\\\/filles-de-la-charite.org\\\/pt-pt\\\/rincon-oracion\\\/eis-a-santissima-virgem-a-noite-entre-18-e-19-de-julho-de-1830\\\/#primaryimage\",\"url\":\"https:\\\/\\\/filles-de-la-charite.org\\\/wp-content\\\/uploads\\\/2025\\\/07\\\/PT-PC-July.jpg\",\"contentUrl\":\"https:\\\/\\\/filles-de-la-charite.org\\\/wp-content\\\/uploads\\\/2025\\\/07\\\/PT-PC-July.jpg\",\"width\":1280,\"height\":720},{\"@type\":\"WebSite\",\"@id\":\"https:\\\/\\\/filles-de-la-charite.org\\\/pt-pt\\\/#website\",\"url\":\"https:\\\/\\\/filles-de-la-charite.org\\\/pt-pt\\\/\",\"name\":\"Hijas de la Caridad\",\"description\":\"L\u2019amour de J\u00e9sus nous presse \u00e0 prendre soin des personnes les plus d\u00e9munies\",\"publisher\":{\"@id\":\"https:\\\/\\\/filles-de-la-charite.org\\\/pt-pt\\\/#organization\"},\"potentialAction\":[{\"@type\":\"SearchAction\",\"target\":{\"@type\":\"EntryPoint\",\"urlTemplate\":\"https:\\\/\\\/filles-de-la-charite.org\\\/pt-pt\\\/?s={search_term_string}\"},\"query-input\":{\"@type\":\"PropertyValueSpecification\",\"valueRequired\":true,\"valueName\":\"search_term_string\"}}],\"inLanguage\":\"pt-PT\"},{\"@type\":\"Organization\",\"@id\":\"https:\\\/\\\/filles-de-la-charite.org\\\/pt-pt\\\/#organization\",\"name\":\"Hijas de la Caridad\",\"url\":\"https:\\\/\\\/filles-de-la-charite.org\\\/pt-pt\\\/\",\"logo\":{\"@type\":\"ImageObject\",\"inLanguage\":\"pt-PT\",\"@id\":\"https:\\\/\\\/filles-de-la-charite.org\\\/pt-pt\\\/#\\\/schema\\\/logo\\\/image\\\/\",\"url\":\"https:\\\/\\\/filles-de-la-charite.org\\\/wp-content\\\/uploads\\\/2023\\\/03\\\/isotipo-Hijas-de-la-Caridad.png\",\"contentUrl\":\"https:\\\/\\\/filles-de-la-charite.org\\\/wp-content\\\/uploads\\\/2023\\\/03\\\/isotipo-Hijas-de-la-Caridad.png\",\"width\":1417,\"height\":1417,\"caption\":\"Hijas de la Caridad\"},\"image\":{\"@id\":\"https:\\\/\\\/filles-de-la-charite.org\\\/pt-pt\\\/#\\\/schema\\\/logo\\\/image\\\/\"}}]}<\/script>\n<!-- \/ Yoast SEO plugin. -->","yoast_head_json":{"title":"Eis a Sant\u00edssima Virgem, A noite entre 18 e 19 de julho de 1830 - Filles de la Charit\u00e9","robots":{"index":"index","follow":"follow","max-snippet":"max-snippet:-1","max-image-preview":"max-image-preview:large","max-video-preview":"max-video-preview:-1"},"canonical":"https:\/\/filles-de-la-charite.org\/pt-pt\/rincon-oracion\/eis-a-santissima-virgem-a-noite-entre-18-e-19-de-julho-de-1830\/","og_locale":"pt_PT","og_type":"article","og_title":"Eis a Sant\u00edssima Virgem, A noite entre 18 e 19 de julho de 1830 - Filles de la Charit\u00e9","og_description":"O ser humano jamais est\u00e1 sozinho, pois Deus se faz presente de forma concreta em sua vida. Ele se manifesta com ternura, inclusive nas apari\u00e7\u00f5es da Virgem Maria, que com cora\u00e7\u00e3o materno cuida dos irm\u00e3os de Jesus. Em todas as fases da vida, Ela continua a nos lembrar, com delicadeza e firmeza, a fazer \u201ctudo [&hellip;]","og_url":"https:\/\/filles-de-la-charite.org\/pt-pt\/rincon-oracion\/eis-a-santissima-virgem-a-noite-entre-18-e-19-de-julho-de-1830\/","og_site_name":"Filles de la Charit\u00e9","article_modified_time":"2025-07-20T19:04:52+00:00","og_image":[{"width":1280,"height":720,"url":"https:\/\/filles-de-la-charite.org\/wp-content\/uploads\/2025\/07\/PT-PC-July.jpg","type":"image\/jpeg"}],"twitter_card":"summary_large_image","twitter_misc":{"Tempo estimado de leitura":"2 minutos"},"schema":{"@context":"https:\/\/schema.org","@graph":[{"@type":"WebPage","@id":"https:\/\/filles-de-la-charite.org\/pt-pt\/rincon-oracion\/eis-a-santissima-virgem-a-noite-entre-18-e-19-de-julho-de-1830\/","url":"https:\/\/filles-de-la-charite.org\/pt-pt\/rincon-oracion\/eis-a-santissima-virgem-a-noite-entre-18-e-19-de-julho-de-1830\/","name":"Eis a Sant\u00edssima Virgem, A noite entre 18 e 19 de julho de 1830 - Filles de la Charit\u00e9","isPartOf":{"@id":"https:\/\/filles-de-la-charite.org\/pt-pt\/#website"},"primaryImageOfPage":{"@id":"https:\/\/filles-de-la-charite.org\/pt-pt\/rincon-oracion\/eis-a-santissima-virgem-a-noite-entre-18-e-19-de-julho-de-1830\/#primaryimage"},"image":{"@id":"https:\/\/filles-de-la-charite.org\/pt-pt\/rincon-oracion\/eis-a-santissima-virgem-a-noite-entre-18-e-19-de-julho-de-1830\/#primaryimage"},"thumbnailUrl":"https:\/\/filles-de-la-charite.org\/wp-content\/uploads\/2025\/07\/PT-PC-July.jpg","datePublished":"2025-07-18T22:00:00+00:00","dateModified":"2025-07-20T19:04:52+00:00","inLanguage":"pt-PT","potentialAction":[{"@type":"ReadAction","target":["https:\/\/filles-de-la-charite.org\/pt-pt\/rincon-oracion\/eis-a-santissima-virgem-a-noite-entre-18-e-19-de-julho-de-1830\/"]}]},{"@type":"ImageObject","inLanguage":"pt-PT","@id":"https:\/\/filles-de-la-charite.org\/pt-pt\/rincon-oracion\/eis-a-santissima-virgem-a-noite-entre-18-e-19-de-julho-de-1830\/#primaryimage","url":"https:\/\/filles-de-la-charite.org\/wp-content\/uploads\/2025\/07\/PT-PC-July.jpg","contentUrl":"https:\/\/filles-de-la-charite.org\/wp-content\/uploads\/2025\/07\/PT-PC-July.jpg","width":1280,"height":720},{"@type":"WebSite","@id":"https:\/\/filles-de-la-charite.org\/pt-pt\/#website","url":"https:\/\/filles-de-la-charite.org\/pt-pt\/","name":"Hijas de la Caridad","description":"L\u2019amour de J\u00e9sus nous presse \u00e0 prendre soin des personnes les plus d\u00e9munies","publisher":{"@id":"https:\/\/filles-de-la-charite.org\/pt-pt\/#organization"},"potentialAction":[{"@type":"SearchAction","target":{"@type":"EntryPoint","urlTemplate":"https:\/\/filles-de-la-charite.org\/pt-pt\/?s={search_term_string}"},"query-input":{"@type":"PropertyValueSpecification","valueRequired":true,"valueName":"search_term_string"}}],"inLanguage":"pt-PT"},{"@type":"Organization","@id":"https:\/\/filles-de-la-charite.org\/pt-pt\/#organization","name":"Hijas de la Caridad","url":"https:\/\/filles-de-la-charite.org\/pt-pt\/","logo":{"@type":"ImageObject","inLanguage":"pt-PT","@id":"https:\/\/filles-de-la-charite.org\/pt-pt\/#\/schema\/logo\/image\/","url":"https:\/\/filles-de-la-charite.org\/wp-content\/uploads\/2023\/03\/isotipo-Hijas-de-la-Caridad.png","contentUrl":"https:\/\/filles-de-la-charite.org\/wp-content\/uploads\/2023\/03\/isotipo-Hijas-de-la-Caridad.png","width":1417,"height":1417,"caption":"Hijas de la Caridad"},"image":{"@id":"https:\/\/filles-de-la-charite.org\/pt-pt\/#\/schema\/logo\/image\/"}}]}},"_links":{"self":[{"href":"https:\/\/filles-de-la-charite.org\/pt-pt\/wp-json\/wp\/v2\/rincon-oracion\/44565","targetHints":{"allow":["GET"]}}],"collection":[{"href":"https:\/\/filles-de-la-charite.org\/pt-pt\/wp-json\/wp\/v2\/rincon-oracion"}],"about":[{"href":"https:\/\/filles-de-la-charite.org\/pt-pt\/wp-json\/wp\/v2\/types\/rincon-oracion"}],"wp:featuredmedia":[{"embeddable":true,"href":"https:\/\/filles-de-la-charite.org\/pt-pt\/wp-json\/wp\/v2\/media\/44566"}],"wp:attachment":[{"href":"https:\/\/filles-de-la-charite.org\/pt-pt\/wp-json\/wp\/v2\/media?parent=44565"}],"curies":[{"name":"wp","href":"https:\/\/api.w.org\/{rel}","templated":true}]}}

Eis a Santíssima Virgem, A noite entre 18 e 19 de julho de 1830

<p>O ser humano jamais está sozinho, pois Deus se faz presente de forma concreta em sua vida. Ele se manifesta com ternura, inclusive nas aparições da Virgem Maria, que com coração materno cuida dos irmãos de Jesus. Em todas as fases da vida, Ela continua a nos lembrar, com delicadeza e firmeza, a fazer “tudo o que Ele nos disser”. É aí que reside o verdadeiro sentido da existência, a essência de cada pessoa: seguir com confiança os caminhos que Jesus nos aponta. Vamos nos unir aos milhares de peregrinos que compartilham um mesmo propósito e fé: rezar na Capela da Medalha Milagrosa. O silêncio que reina ali não é vazio - é reverência. Rompê-lo seria como quebrar uma sintonia profunda com o sagrado que envolve aquele lugar. Há um chamado íntimo que ecoa no coração: “Vinde aos pés deste altar.” E é nesse impulso que nossa oração se une à de tantas pessoas espalhadas pelo mundo — gente que clama por graças, enfrenta dificuldades, nutre a esperança de ver sua realidade transformada. Mas também há muitos corações cheios de gratidão, desejando expressar a Nossa Senhora seu carinho e reconhecimento por toda proteção materna recebida. Que Ela continue a interceder por nós, com aquele amor que acolhe, guia e jamais nos abandona.</p>



<figure class="wp-block-embed is-type-video is-provider-youtube wp-block-embed-youtube wp-embed-aspect-16-9 wp-has-aspect-ratio"><div class="wp-block-embed__wrapper">
<iframe loading="lazy" title="&quot;Eis a Santíssima Virgem&quot; - Na noite entre 18 e 19 de julho de 1830 - PT" width="1080" height="608" src="https://www.youtube.com/embed/d7aFxK9f4Uk?feature=oembed"  allow="accelerometer; autoplay; clipboard-write; encrypted-media; gyroscope; picture-in-picture; web-share" referrerpolicy="strict-origin-when-cross-origin" allowfullscreen></iframe>
</div></figure>

<!-- This site is optimized with the Yoast SEO plugin v27.5 - https://yoast.com/product/yoast-seo-wordpress/ -->
<title>Eis a Santíssima Virgem, A noite entre 18 e 19 de julho de 1830 - Filles de la Charité</title>
<meta name="robots" content="index, follow, max-snippet:-1, max-image-preview:large, max-video-preview:-1" />
<link rel="canonical" href="https://filles-de-la-charite.org/pt-pt/rincon-oracion/eis-a-santissima-virgem-a-noite-entre-18-e-19-de-julho-de-1830/" />
<meta property="og:locale" content="pt_PT" />
<meta property="og:type" content="article" />
<meta property="og:title" content="Eis a Santíssima Virgem, A noite entre 18 e 19 de julho de 1830 - Filles de la Charité" />
<meta property="og:description" content="O ser humano jamais está sozinho, pois Deus se faz presente de forma concreta em sua vida. Ele se manifesta com ternura, inclusive nas aparições da Virgem Maria, que com coração materno cuida dos irmãos de Jesus. Em todas as fases da vida, Ela continua a nos lembrar, com delicadeza e firmeza, a fazer “tudo [&hellip;]" />
<meta property="og:url" content="https://filles-de-la-charite.org/pt-pt/rincon-oracion/eis-a-santissima-virgem-a-noite-entre-18-e-19-de-julho-de-1830/" />
<meta property="og:site_name" content="Filles de la Charité" />
<meta property="article:modified_time" content="2025-07-20T19:04:52+00:00" />
<meta property="og:image" content="https://filles-de-la-charite.org/wp-content/uploads/2025/07/PT-PC-July.jpg" />
	<meta property="og:image:width" content="1280" />
	<meta property="og:image:height" content="720" />
	<meta property="og:image:type" content="image/jpeg" />
<meta name="twitter:card" content="summary_large_image" />
<meta name="twitter:label1" content="Tempo estimado de leitura" />
	<meta name="twitter:data1" content="2 minutos" />
<script type="application/ld+json" class="yoast-schema-graph">{"@context":"https:\/\/schema.org","@graph":[{"@type":"WebPage","@id":"https:\/\/filles-de-la-charite.org\/pt-pt\/rincon-oracion\/eis-a-santissima-virgem-a-noite-entre-18-e-19-de-julho-de-1830\/","url":"https:\/\/filles-de-la-charite.org\/pt-pt\/rincon-oracion\/eis-a-santissima-virgem-a-noite-entre-18-e-19-de-julho-de-1830\/","name":"Eis a Santíssima Virgem, A noite entre 18 e 19 de julho de 1830 - Filles de la Charité","isPartOf":{"@id":"https:\/\/filles-de-la-charite.org\/pt-pt\/#website"},"primaryImageOfPage":{"@id":"https:\/\/filles-de-la-charite.org\/pt-pt\/rincon-oracion\/eis-a-santissima-virgem-a-noite-entre-18-e-19-de-julho-de-1830\/#primaryimage"},"image":{"@id":"https:\/\/filles-de-la-charite.org\/pt-pt\/rincon-oracion\/eis-a-santissima-virgem-a-noite-entre-18-e-19-de-julho-de-1830\/#primaryimage"},"thumbnailUrl":"https:\/\/filles-de-la-charite.org\/wp-content\/uploads\/2025\/07\/PT-PC-July.jpg","datePublished":"2025-07-18T22:00:00+00:00","dateModified":"2025-07-20T19:04:52+00:00","inLanguage":"pt-PT","potentialAction":[{"@type":"ReadAction","target":["https:\/\/filles-de-la-charite.org\/pt-pt\/rincon-oracion\/eis-a-santissima-virgem-a-noite-entre-18-e-19-de-julho-de-1830\/"]}]},{"@type":"ImageObject","inLanguage":"pt-PT","@id":"https:\/\/filles-de-la-charite.org\/pt-pt\/rincon-oracion\/eis-a-santissima-virgem-a-noite-entre-18-e-19-de-julho-de-1830\/#primaryimage","url":"https:\/\/filles-de-la-charite.org\/wp-content\/uploads\/2025\/07\/PT-PC-July.jpg","contentUrl":"https:\/\/filles-de-la-charite.org\/wp-content\/uploads\/2025\/07\/PT-PC-July.jpg","width":1280,"height":720},{"@type":"WebSite","@id":"https:\/\/filles-de-la-charite.org\/pt-pt\/#website","url":"https:\/\/filles-de-la-charite.org\/pt-pt\/","name":"Hijas de la Caridad","description":"L’amour de Jésus nous presse à prendre soin des personnes les plus démunies","publisher":{"@id":"https:\/\/filles-de-la-charite.org\/pt-pt\/#organization"},"potentialAction":[{"@type":"SearchAction","target":{"@type":"EntryPoint","urlTemplate":"https:\/\/filles-de-la-charite.org\/pt-pt\/?s={search_term_string}"},"query-input":{"@type":"PropertyValueSpecification","valueRequired":true,"valueName":"search_term_string"}}],"inLanguage":"pt-PT"},{"@type":"Organization","@id":"https:\/\/filles-de-la-charite.org\/pt-pt\/#organization","name":"Hijas de la Caridad","url":"https:\/\/filles-de-la-charite.org\/pt-pt\/","logo":{"@type":"ImageObject","inLanguage":"pt-PT","@id":"https:\/\/filles-de-la-charite.org\/pt-pt\/#\/schema\/logo\/image\/","url":"https:\/\/filles-de-la-charite.org\/wp-content\/uploads\/2023\/03\/isotipo-Hijas-de-la-Caridad.png","contentUrl":"https:\/\/filles-de-la-charite.org\/wp-content\/uploads\/2023\/03\/isotipo-Hijas-de-la-Caridad.png","width":1417,"height":1417,"caption":"Hijas de la Caridad"},"image":{"@id":"https:\/\/filles-de-la-charite.org\/pt-pt\/#\/schema\/logo\/image\/"}}]}</script>
<!-- / Yoast SEO plugin. -->

Eis a Santíssima Virgem, A noite entre 18 e 19 de julho de 1830 - Filles de la Charité

O ser humano jamais está sozinho, pois Deus se faz presente de forma concreta em sua vida. Ele se manifesta com ternura, inclusive nas aparições da Virgem Maria, que com coração materno cuida dos irmãos de Jesus. Em todas as fases da vida, Ela continua a nos lembrar, com delicadeza e firmeza, a fazer “tudo [&hellip;]

Filles de la Charité

L’amour de Jésus nous presse à prendre soin des personnes les plus démunies
