{"id":45531,"date":"2025-08-18T00:00:00","date_gmt":"2025-08-17T22:00:00","guid":{"rendered":"https:\/\/filles-de-la-charite.org\/?post_type=rincon-oracion&#038;p=45531"},"modified":"2025-08-18T09:29:51","modified_gmt":"2025-08-18T07:29:51","slug":"maria-uma-mulher-unica-carta-de-15-de-agosto-de-2025-irma-francoise-petit-superiora-geral-pt","status":"publish","type":"rincon-oracion","link":"https:\/\/filles-de-la-charite.org\/pt-pt\/rincon-oracion\/maria-uma-mulher-unica-carta-de-15-de-agosto-de-2025-irma-francoise-petit-superiora-geral-pt\/","title":{"rendered":"Maria, uma mulher \u00fanica, Carta de 15 de agosto de 2025, Irm\u00e3 Fran\u00e7oise Petit, Superiora geral PT"},"content":{"rendered":"\n<p>Cada ano, no dia da Assun\u00e7\u00e3o, celebramos Maria, aquela que nos acompanha e a quem, com todo o povo de Deus, pedimos para interceder por n\u00f3s. Ela entrou na gl\u00f3ria da qual todas n\u00f3s partilharemos um dia. Que esta Festa da Assun\u00e7\u00e3o nos ajude a prosseguir em nosso caminho de f\u00e9 e de humanidade, que o testemunho de Maria nos conduza a uma rela\u00e7\u00e3o mais intensa com a Palavra de Deus, que possamos ver Maria como M\u00e3e de Jesus, M\u00e3e de Cristo, disc\u00edpula com os disc\u00edpulos. (Carta de 15 de agosto de 2025, Irm\u00e3 Fran\u00e7oise Petit, Superiora geral)<\/p>\n\n\n\n<figure class=\"wp-block-embed is-type-video is-provider-youtube wp-block-embed-youtube wp-embed-aspect-16-9 wp-has-aspect-ratio\"><div class=\"wp-block-embed__wrapper\">\n<iframe loading=\"lazy\" title=\"Maria, uma mulher \u00fanica,  Carta de 15 de agosto de 2025, Irm\u00e3 Fran\u00e7oise Petit, Superiora geral PT\" width=\"1080\" height=\"608\" src=\"https:\/\/www.youtube.com\/embed\/lZRgwJKHt1Q?feature=oembed\"  allow=\"accelerometer; autoplay; clipboard-write; encrypted-media; gyroscope; picture-in-picture; web-share\" referrerpolicy=\"strict-origin-when-cross-origin\" allowfullscreen><\/iframe>\n<\/div><\/figure>\n","protected":false},"featured_media":45526,"template":"","meta":{"_acf_changed":false,"_links_to":"","_links_to_target":""},"class_list":["post-45531","rincon-oracion","type-rincon-oracion","status-publish","has-post-thumbnail","hentry"],"acf":[],"yoast_head":"<!-- This site is optimized with the Yoast SEO plugin v27.5 - https:\/\/yoast.com\/product\/yoast-seo-wordpress\/ -->\n<title>Maria, uma mulher \u00fanica, Carta de 15 de agosto de 2025, Irm\u00e3 Fran\u00e7oise Petit, Superiora geral PT - Filles de la Charit\u00e9<\/title>\n<meta name=\"robots\" content=\"index, follow, max-snippet:-1, max-image-preview:large, max-video-preview:-1\" \/>\n<link rel=\"canonical\" href=\"https:\/\/filles-de-la-charite.org\/pt-pt\/rincon-oracion\/maria-uma-mulher-unica-carta-de-15-de-agosto-de-2025-irma-francoise-petit-superiora-geral-pt\/\" \/>\n<meta property=\"og:locale\" content=\"pt_PT\" \/>\n<meta property=\"og:type\" content=\"article\" \/>\n<meta property=\"og:title\" content=\"Maria, uma mulher \u00fanica, Carta de 15 de agosto de 2025, Irm\u00e3 Fran\u00e7oise Petit, Superiora geral PT - Filles de la Charit\u00e9\" \/>\n<meta property=\"og:description\" content=\"Cada ano, no dia da Assun\u00e7\u00e3o, celebramos Maria, aquela que nos acompanha e a quem, com todo o povo de Deus, pedimos para interceder por n\u00f3s. Ela entrou na gl\u00f3ria da qual todas n\u00f3s partilharemos um dia. Que esta Festa da Assun\u00e7\u00e3o nos ajude a prosseguir em nosso caminho de f\u00e9 e de humanidade, que [&hellip;]\" \/>\n<meta property=\"og:url\" content=\"https:\/\/filles-de-la-charite.org\/pt-pt\/rincon-oracion\/maria-uma-mulher-unica-carta-de-15-de-agosto-de-2025-irma-francoise-petit-superiora-geral-pt\/\" \/>\n<meta property=\"og:site_name\" content=\"Filles de la Charit\u00e9\" \/>\n<meta property=\"article:modified_time\" content=\"2025-08-18T07:29:51+00:00\" \/>\n<meta property=\"og:image\" content=\"https:\/\/filles-de-la-charite.org\/wp-content\/uploads\/2025\/08\/PT-Maria-uma-mulher-unica.jpg\" \/>\n\t<meta property=\"og:image:width\" content=\"1280\" \/>\n\t<meta property=\"og:image:height\" content=\"720\" \/>\n\t<meta property=\"og:image:type\" content=\"image\/jpeg\" \/>\n<meta name=\"twitter:card\" content=\"summary_large_image\" \/>\n<meta name=\"twitter:label1\" content=\"Tempo estimado de leitura\" \/>\n\t<meta name=\"twitter:data1\" content=\"1 minuto\" \/>\n<script type=\"application\/ld+json\" class=\"yoast-schema-graph\">{\"@context\":\"https:\\\/\\\/schema.org\",\"@graph\":[{\"@type\":\"WebPage\",\"@id\":\"https:\\\/\\\/filles-de-la-charite.org\\\/pt-pt\\\/rincon-oracion\\\/maria-uma-mulher-unica-carta-de-15-de-agosto-de-2025-irma-francoise-petit-superiora-geral-pt\\\/\",\"url\":\"https:\\\/\\\/filles-de-la-charite.org\\\/pt-pt\\\/rincon-oracion\\\/maria-uma-mulher-unica-carta-de-15-de-agosto-de-2025-irma-francoise-petit-superiora-geral-pt\\\/\",\"name\":\"Maria, uma mulher \u00fanica, Carta de 15 de agosto de 2025, Irm\u00e3 Fran\u00e7oise Petit, Superiora geral PT - Filles de la Charit\u00e9\",\"isPartOf\":{\"@id\":\"https:\\\/\\\/filles-de-la-charite.org\\\/pt-pt\\\/#website\"},\"primaryImageOfPage\":{\"@id\":\"https:\\\/\\\/filles-de-la-charite.org\\\/pt-pt\\\/rincon-oracion\\\/maria-uma-mulher-unica-carta-de-15-de-agosto-de-2025-irma-francoise-petit-superiora-geral-pt\\\/#primaryimage\"},\"image\":{\"@id\":\"https:\\\/\\\/filles-de-la-charite.org\\\/pt-pt\\\/rincon-oracion\\\/maria-uma-mulher-unica-carta-de-15-de-agosto-de-2025-irma-francoise-petit-superiora-geral-pt\\\/#primaryimage\"},\"thumbnailUrl\":\"https:\\\/\\\/filles-de-la-charite.org\\\/wp-content\\\/uploads\\\/2025\\\/08\\\/PT-Maria-uma-mulher-unica.jpg\",\"datePublished\":\"2025-08-17T22:00:00+00:00\",\"dateModified\":\"2025-08-18T07:29:51+00:00\",\"inLanguage\":\"pt-PT\",\"potentialAction\":[{\"@type\":\"ReadAction\",\"target\":[\"https:\\\/\\\/filles-de-la-charite.org\\\/pt-pt\\\/rincon-oracion\\\/maria-uma-mulher-unica-carta-de-15-de-agosto-de-2025-irma-francoise-petit-superiora-geral-pt\\\/\"]}]},{\"@type\":\"ImageObject\",\"inLanguage\":\"pt-PT\",\"@id\":\"https:\\\/\\\/filles-de-la-charite.org\\\/pt-pt\\\/rincon-oracion\\\/maria-uma-mulher-unica-carta-de-15-de-agosto-de-2025-irma-francoise-petit-superiora-geral-pt\\\/#primaryimage\",\"url\":\"https:\\\/\\\/filles-de-la-charite.org\\\/wp-content\\\/uploads\\\/2025\\\/08\\\/PT-Maria-uma-mulher-unica.jpg\",\"contentUrl\":\"https:\\\/\\\/filles-de-la-charite.org\\\/wp-content\\\/uploads\\\/2025\\\/08\\\/PT-Maria-uma-mulher-unica.jpg\",\"width\":1280,\"height\":720},{\"@type\":\"WebSite\",\"@id\":\"https:\\\/\\\/filles-de-la-charite.org\\\/pt-pt\\\/#website\",\"url\":\"https:\\\/\\\/filles-de-la-charite.org\\\/pt-pt\\\/\",\"name\":\"Hijas de la Caridad\",\"description\":\"L\u2019amour de J\u00e9sus nous presse \u00e0 prendre soin des personnes les plus d\u00e9munies\",\"publisher\":{\"@id\":\"https:\\\/\\\/filles-de-la-charite.org\\\/pt-pt\\\/#organization\"},\"potentialAction\":[{\"@type\":\"SearchAction\",\"target\":{\"@type\":\"EntryPoint\",\"urlTemplate\":\"https:\\\/\\\/filles-de-la-charite.org\\\/pt-pt\\\/?s={search_term_string}\"},\"query-input\":{\"@type\":\"PropertyValueSpecification\",\"valueRequired\":true,\"valueName\":\"search_term_string\"}}],\"inLanguage\":\"pt-PT\"},{\"@type\":\"Organization\",\"@id\":\"https:\\\/\\\/filles-de-la-charite.org\\\/pt-pt\\\/#organization\",\"name\":\"Hijas de la Caridad\",\"url\":\"https:\\\/\\\/filles-de-la-charite.org\\\/pt-pt\\\/\",\"logo\":{\"@type\":\"ImageObject\",\"inLanguage\":\"pt-PT\",\"@id\":\"https:\\\/\\\/filles-de-la-charite.org\\\/pt-pt\\\/#\\\/schema\\\/logo\\\/image\\\/\",\"url\":\"https:\\\/\\\/filles-de-la-charite.org\\\/wp-content\\\/uploads\\\/2023\\\/03\\\/isotipo-Hijas-de-la-Caridad.png\",\"contentUrl\":\"https:\\\/\\\/filles-de-la-charite.org\\\/wp-content\\\/uploads\\\/2023\\\/03\\\/isotipo-Hijas-de-la-Caridad.png\",\"width\":1417,\"height\":1417,\"caption\":\"Hijas de la Caridad\"},\"image\":{\"@id\":\"https:\\\/\\\/filles-de-la-charite.org\\\/pt-pt\\\/#\\\/schema\\\/logo\\\/image\\\/\"}}]}<\/script>\n<!-- \/ Yoast SEO plugin. -->","yoast_head_json":{"title":"Maria, uma mulher \u00fanica, Carta de 15 de agosto de 2025, Irm\u00e3 Fran\u00e7oise Petit, Superiora geral PT - Filles de la Charit\u00e9","robots":{"index":"index","follow":"follow","max-snippet":"max-snippet:-1","max-image-preview":"max-image-preview:large","max-video-preview":"max-video-preview:-1"},"canonical":"https:\/\/filles-de-la-charite.org\/pt-pt\/rincon-oracion\/maria-uma-mulher-unica-carta-de-15-de-agosto-de-2025-irma-francoise-petit-superiora-geral-pt\/","og_locale":"pt_PT","og_type":"article","og_title":"Maria, uma mulher \u00fanica, Carta de 15 de agosto de 2025, Irm\u00e3 Fran\u00e7oise Petit, Superiora geral PT - Filles de la Charit\u00e9","og_description":"Cada ano, no dia da Assun\u00e7\u00e3o, celebramos Maria, aquela que nos acompanha e a quem, com todo o povo de Deus, pedimos para interceder por n\u00f3s. Ela entrou na gl\u00f3ria da qual todas n\u00f3s partilharemos um dia. Que esta Festa da Assun\u00e7\u00e3o nos ajude a prosseguir em nosso caminho de f\u00e9 e de humanidade, que [&hellip;]","og_url":"https:\/\/filles-de-la-charite.org\/pt-pt\/rincon-oracion\/maria-uma-mulher-unica-carta-de-15-de-agosto-de-2025-irma-francoise-petit-superiora-geral-pt\/","og_site_name":"Filles de la Charit\u00e9","article_modified_time":"2025-08-18T07:29:51+00:00","og_image":[{"width":1280,"height":720,"url":"https:\/\/filles-de-la-charite.org\/wp-content\/uploads\/2025\/08\/PT-Maria-uma-mulher-unica.jpg","type":"image\/jpeg"}],"twitter_card":"summary_large_image","twitter_misc":{"Tempo estimado de leitura":"1 minuto"},"schema":{"@context":"https:\/\/schema.org","@graph":[{"@type":"WebPage","@id":"https:\/\/filles-de-la-charite.org\/pt-pt\/rincon-oracion\/maria-uma-mulher-unica-carta-de-15-de-agosto-de-2025-irma-francoise-petit-superiora-geral-pt\/","url":"https:\/\/filles-de-la-charite.org\/pt-pt\/rincon-oracion\/maria-uma-mulher-unica-carta-de-15-de-agosto-de-2025-irma-francoise-petit-superiora-geral-pt\/","name":"Maria, uma mulher \u00fanica, Carta de 15 de agosto de 2025, Irm\u00e3 Fran\u00e7oise Petit, Superiora geral PT - Filles de la Charit\u00e9","isPartOf":{"@id":"https:\/\/filles-de-la-charite.org\/pt-pt\/#website"},"primaryImageOfPage":{"@id":"https:\/\/filles-de-la-charite.org\/pt-pt\/rincon-oracion\/maria-uma-mulher-unica-carta-de-15-de-agosto-de-2025-irma-francoise-petit-superiora-geral-pt\/#primaryimage"},"image":{"@id":"https:\/\/filles-de-la-charite.org\/pt-pt\/rincon-oracion\/maria-uma-mulher-unica-carta-de-15-de-agosto-de-2025-irma-francoise-petit-superiora-geral-pt\/#primaryimage"},"thumbnailUrl":"https:\/\/filles-de-la-charite.org\/wp-content\/uploads\/2025\/08\/PT-Maria-uma-mulher-unica.jpg","datePublished":"2025-08-17T22:00:00+00:00","dateModified":"2025-08-18T07:29:51+00:00","inLanguage":"pt-PT","potentialAction":[{"@type":"ReadAction","target":["https:\/\/filles-de-la-charite.org\/pt-pt\/rincon-oracion\/maria-uma-mulher-unica-carta-de-15-de-agosto-de-2025-irma-francoise-petit-superiora-geral-pt\/"]}]},{"@type":"ImageObject","inLanguage":"pt-PT","@id":"https:\/\/filles-de-la-charite.org\/pt-pt\/rincon-oracion\/maria-uma-mulher-unica-carta-de-15-de-agosto-de-2025-irma-francoise-petit-superiora-geral-pt\/#primaryimage","url":"https:\/\/filles-de-la-charite.org\/wp-content\/uploads\/2025\/08\/PT-Maria-uma-mulher-unica.jpg","contentUrl":"https:\/\/filles-de-la-charite.org\/wp-content\/uploads\/2025\/08\/PT-Maria-uma-mulher-unica.jpg","width":1280,"height":720},{"@type":"WebSite","@id":"https:\/\/filles-de-la-charite.org\/pt-pt\/#website","url":"https:\/\/filles-de-la-charite.org\/pt-pt\/","name":"Hijas de la Caridad","description":"L\u2019amour de J\u00e9sus nous presse \u00e0 prendre soin des personnes les plus d\u00e9munies","publisher":{"@id":"https:\/\/filles-de-la-charite.org\/pt-pt\/#organization"},"potentialAction":[{"@type":"SearchAction","target":{"@type":"EntryPoint","urlTemplate":"https:\/\/filles-de-la-charite.org\/pt-pt\/?s={search_term_string}"},"query-input":{"@type":"PropertyValueSpecification","valueRequired":true,"valueName":"search_term_string"}}],"inLanguage":"pt-PT"},{"@type":"Organization","@id":"https:\/\/filles-de-la-charite.org\/pt-pt\/#organization","name":"Hijas de la Caridad","url":"https:\/\/filles-de-la-charite.org\/pt-pt\/","logo":{"@type":"ImageObject","inLanguage":"pt-PT","@id":"https:\/\/filles-de-la-charite.org\/pt-pt\/#\/schema\/logo\/image\/","url":"https:\/\/filles-de-la-charite.org\/wp-content\/uploads\/2023\/03\/isotipo-Hijas-de-la-Caridad.png","contentUrl":"https:\/\/filles-de-la-charite.org\/wp-content\/uploads\/2023\/03\/isotipo-Hijas-de-la-Caridad.png","width":1417,"height":1417,"caption":"Hijas de la Caridad"},"image":{"@id":"https:\/\/filles-de-la-charite.org\/pt-pt\/#\/schema\/logo\/image\/"}}]}},"_links":{"self":[{"href":"https:\/\/filles-de-la-charite.org\/pt-pt\/wp-json\/wp\/v2\/rincon-oracion\/45531","targetHints":{"allow":["GET"]}}],"collection":[{"href":"https:\/\/filles-de-la-charite.org\/pt-pt\/wp-json\/wp\/v2\/rincon-oracion"}],"about":[{"href":"https:\/\/filles-de-la-charite.org\/pt-pt\/wp-json\/wp\/v2\/types\/rincon-oracion"}],"wp:featuredmedia":[{"embeddable":true,"href":"https:\/\/filles-de-la-charite.org\/pt-pt\/wp-json\/wp\/v2\/media\/45526"}],"wp:attachment":[{"href":"https:\/\/filles-de-la-charite.org\/pt-pt\/wp-json\/wp\/v2\/media?parent=45531"}],"curies":[{"name":"wp","href":"https:\/\/api.w.org\/{rel}","templated":true}]}}

Maria, uma mulher única, Carta de 15 de agosto de 2025, Irmã Françoise Petit, Superiora geral PT

<p>Cada ano, no dia da Assunção, celebramos Maria, aquela que nos acompanha e a quem, com todo o povo de Deus, pedimos para interceder por nós. Ela entrou na glória da qual todas nós partilharemos um dia. Que esta Festa da Assunção nos ajude a prosseguir em nosso caminho de fé e de humanidade, que o testemunho de Maria nos conduza a uma relação mais intensa com a Palavra de Deus, que possamos ver Maria como Mãe de Jesus, Mãe de Cristo, discípula com os discípulos. (Carta de 15 de agosto de 2025, Irmã Françoise Petit, Superiora geral)</p>



<figure class="wp-block-embed is-type-video is-provider-youtube wp-block-embed-youtube wp-embed-aspect-16-9 wp-has-aspect-ratio"><div class="wp-block-embed__wrapper">
<iframe loading="lazy" title="Maria, uma mulher única,  Carta de 15 de agosto de 2025, Irmã Françoise Petit, Superiora geral PT" width="1080" height="608" src="https://www.youtube.com/embed/lZRgwJKHt1Q?feature=oembed"  allow="accelerometer; autoplay; clipboard-write; encrypted-media; gyroscope; picture-in-picture; web-share" referrerpolicy="strict-origin-when-cross-origin" allowfullscreen></iframe>
</div></figure>

<!-- This site is optimized with the Yoast SEO plugin v27.5 - https://yoast.com/product/yoast-seo-wordpress/ -->
<title>Maria, uma mulher única, Carta de 15 de agosto de 2025, Irmã Françoise Petit, Superiora geral PT - Filles de la Charité</title>
<meta name="robots" content="index, follow, max-snippet:-1, max-image-preview:large, max-video-preview:-1" />
<link rel="canonical" href="https://filles-de-la-charite.org/pt-pt/rincon-oracion/maria-uma-mulher-unica-carta-de-15-de-agosto-de-2025-irma-francoise-petit-superiora-geral-pt/" />
<meta property="og:locale" content="pt_PT" />
<meta property="og:type" content="article" />
<meta property="og:title" content="Maria, uma mulher única, Carta de 15 de agosto de 2025, Irmã Françoise Petit, Superiora geral PT - Filles de la Charité" />
<meta property="og:description" content="Cada ano, no dia da Assunção, celebramos Maria, aquela que nos acompanha e a quem, com todo o povo de Deus, pedimos para interceder por nós. Ela entrou na glória da qual todas nós partilharemos um dia. Que esta Festa da Assunção nos ajude a prosseguir em nosso caminho de fé e de humanidade, que [&hellip;]" />
<meta property="og:url" content="https://filles-de-la-charite.org/pt-pt/rincon-oracion/maria-uma-mulher-unica-carta-de-15-de-agosto-de-2025-irma-francoise-petit-superiora-geral-pt/" />
<meta property="og:site_name" content="Filles de la Charité" />
<meta property="article:modified_time" content="2025-08-18T07:29:51+00:00" />
<meta property="og:image" content="https://filles-de-la-charite.org/wp-content/uploads/2025/08/PT-Maria-uma-mulher-unica.jpg" />
	<meta property="og:image:width" content="1280" />
	<meta property="og:image:height" content="720" />
	<meta property="og:image:type" content="image/jpeg" />
<meta name="twitter:card" content="summary_large_image" />
<meta name="twitter:label1" content="Tempo estimado de leitura" />
	<meta name="twitter:data1" content="1 minuto" />
<script type="application/ld+json" class="yoast-schema-graph">{"@context":"https:\/\/schema.org","@graph":[{"@type":"WebPage","@id":"https:\/\/filles-de-la-charite.org\/pt-pt\/rincon-oracion\/maria-uma-mulher-unica-carta-de-15-de-agosto-de-2025-irma-francoise-petit-superiora-geral-pt\/","url":"https:\/\/filles-de-la-charite.org\/pt-pt\/rincon-oracion\/maria-uma-mulher-unica-carta-de-15-de-agosto-de-2025-irma-francoise-petit-superiora-geral-pt\/","name":"Maria, uma mulher única, Carta de 15 de agosto de 2025, Irmã Françoise Petit, Superiora geral PT - Filles de la Charité","isPartOf":{"@id":"https:\/\/filles-de-la-charite.org\/pt-pt\/#website"},"primaryImageOfPage":{"@id":"https:\/\/filles-de-la-charite.org\/pt-pt\/rincon-oracion\/maria-uma-mulher-unica-carta-de-15-de-agosto-de-2025-irma-francoise-petit-superiora-geral-pt\/#primaryimage"},"image":{"@id":"https:\/\/filles-de-la-charite.org\/pt-pt\/rincon-oracion\/maria-uma-mulher-unica-carta-de-15-de-agosto-de-2025-irma-francoise-petit-superiora-geral-pt\/#primaryimage"},"thumbnailUrl":"https:\/\/filles-de-la-charite.org\/wp-content\/uploads\/2025\/08\/PT-Maria-uma-mulher-unica.jpg","datePublished":"2025-08-17T22:00:00+00:00","dateModified":"2025-08-18T07:29:51+00:00","inLanguage":"pt-PT","potentialAction":[{"@type":"ReadAction","target":["https:\/\/filles-de-la-charite.org\/pt-pt\/rincon-oracion\/maria-uma-mulher-unica-carta-de-15-de-agosto-de-2025-irma-francoise-petit-superiora-geral-pt\/"]}]},{"@type":"ImageObject","inLanguage":"pt-PT","@id":"https:\/\/filles-de-la-charite.org\/pt-pt\/rincon-oracion\/maria-uma-mulher-unica-carta-de-15-de-agosto-de-2025-irma-francoise-petit-superiora-geral-pt\/#primaryimage","url":"https:\/\/filles-de-la-charite.org\/wp-content\/uploads\/2025\/08\/PT-Maria-uma-mulher-unica.jpg","contentUrl":"https:\/\/filles-de-la-charite.org\/wp-content\/uploads\/2025\/08\/PT-Maria-uma-mulher-unica.jpg","width":1280,"height":720},{"@type":"WebSite","@id":"https:\/\/filles-de-la-charite.org\/pt-pt\/#website","url":"https:\/\/filles-de-la-charite.org\/pt-pt\/","name":"Hijas de la Caridad","description":"L’amour de Jésus nous presse à prendre soin des personnes les plus démunies","publisher":{"@id":"https:\/\/filles-de-la-charite.org\/pt-pt\/#organization"},"potentialAction":[{"@type":"SearchAction","target":{"@type":"EntryPoint","urlTemplate":"https:\/\/filles-de-la-charite.org\/pt-pt\/?s={search_term_string}"},"query-input":{"@type":"PropertyValueSpecification","valueRequired":true,"valueName":"search_term_string"}}],"inLanguage":"pt-PT"},{"@type":"Organization","@id":"https:\/\/filles-de-la-charite.org\/pt-pt\/#organization","name":"Hijas de la Caridad","url":"https:\/\/filles-de-la-charite.org\/pt-pt\/","logo":{"@type":"ImageObject","inLanguage":"pt-PT","@id":"https:\/\/filles-de-la-charite.org\/pt-pt\/#\/schema\/logo\/image\/","url":"https:\/\/filles-de-la-charite.org\/wp-content\/uploads\/2023\/03\/isotipo-Hijas-de-la-Caridad.png","contentUrl":"https:\/\/filles-de-la-charite.org\/wp-content\/uploads\/2023\/03\/isotipo-Hijas-de-la-Caridad.png","width":1417,"height":1417,"caption":"Hijas de la Caridad"},"image":{"@id":"https:\/\/filles-de-la-charite.org\/pt-pt\/#\/schema\/logo\/image\/"}}]}</script>
<!-- / Yoast SEO plugin. -->

Maria, uma mulher única, Carta de 15 de agosto de 2025, Irmã Françoise Petit, Superiora geral PT - Filles de la Charité

Cada ano, no dia da Assunção, celebramos Maria, aquela que nos acompanha e a quem, com todo o povo de Deus, pedimos para interceder por nós. Ela entrou na glória da qual todas nós partilharemos um dia. Que esta Festa da Assunção nos ajude a prosseguir em nosso caminho de fé e de humanidade, que [&hellip;]

Filles de la Charité

L’amour de Jésus nous presse à prendre soin des personnes les plus démunies
