{"id":30555,"date":"2023-10-30T16:05:58","date_gmt":"2023-10-30T15:05:58","guid":{"rendered":"https:\/\/hijascaridad.sjdigitaldemo.ovh\/service\/promocao-das-mulheres\/"},"modified":"2024-03-01T10:48:12","modified_gmt":"2024-03-01T09:48:12","slug":"promocao-das-mulheres","status":"publish","type":"service","link":"https:\/\/filles-de-la-charite.org\/pt-pt\/service\/promocao-das-mulheres\/","title":{"rendered":"As mulheres"},"content":{"rendered":"\n<h4 class=\"wp-block-heading\">As mulheres s\u00e3o iguais aos homens em dignidade, porque cada pessoa \u00e9 imagem de Deus. Para Jesus, isso era evidente, Ele enfrentava as proibi\u00e7\u00f5es religiosas do seu tempo, falava com as mulheres, permitindo que elas se aproximassem dele, o tocassem e o seguissem.<\/h4>\n\n\n\n<p>As mulheres t\u00eam uma miss\u00e3o importante e especial na constru\u00e7\u00e3o da sociedade e do Reino de Deus. A sua singularidade e os seus dons devem ser reconhecidos e valorizados por todos porque s\u00e3o necess\u00e1rios para todos.<\/p>\n\n\n\n<p>As mulheres representam 50% da popula\u00e7\u00e3o. No entanto, em muitas culturas e sociedades, s\u00e3o subestimadas e maltratadas. Por vezes, elas s\u00e3o o grupo social mais vulner\u00e1vel.<br>Como disc\u00edpulas de Jesus, estamos comprometidas na promo\u00e7\u00e3o das mulheres.<br>Trabalhamos com elas para eliminar as desigualdades, atrav\u00e9s:<\/p>\n\n\n\n<ul class=\"wp-block-list\">\n<li>de patroc\u00ednio de projetos destinados a torn\u00e1-las aut\u00f4nomas<\/li>\n\n\n\n<li>oferecendo-lhes alojamento seguro<\/li>\n\n\n\n<li>proporcionando-lhes alternativas contra as armadilhas da prostitui\u00e7\u00e3o<\/li>\n\n\n\n<li>buscando com elas meios para promover o papel das mulheres<\/li>\n<\/ul>\n","protected":false},"featured_media":35496,"template":"","meta":{"_acf_changed":false,"_et_pb_use_builder":"","_et_pb_old_content":"","_et_gb_content_width":"","_links_to":"","_links_to_target":""},"class_list":["post-30555","service","type-service","status-publish","has-post-thumbnail","hentry"],"acf":[],"yoast_head":"<!-- This site is optimized with the Yoast SEO plugin v27.5 - https:\/\/yoast.com\/product\/yoast-seo-wordpress\/ -->\n<title>As mulheres - Filles de la Charit\u00e9<\/title>\n<meta name=\"robots\" content=\"index, follow, max-snippet:-1, max-image-preview:large, max-video-preview:-1\" \/>\n<link rel=\"canonical\" href=\"https:\/\/filles-de-la-charite.org\/pt-pt\/service\/promocao-das-mulheres\/\" \/>\n<meta property=\"og:locale\" content=\"pt_PT\" \/>\n<meta property=\"og:type\" content=\"article\" \/>\n<meta property=\"og:title\" content=\"As mulheres - Filles de la Charit\u00e9\" \/>\n<meta property=\"og:description\" content=\"As mulheres s\u00e3o iguais aos homens em dignidade, porque cada pessoa \u00e9 imagem de Deus. Para Jesus, isso era evidente, Ele enfrentava as proibi\u00e7\u00f5es religiosas do seu tempo, falava com as mulheres, permitindo que elas se aproximassem dele, o tocassem e o seguissem. As mulheres t\u00eam uma miss\u00e3o importante e especial na constru\u00e7\u00e3o da sociedade [&hellip;]\" \/>\n<meta property=\"og:url\" content=\"https:\/\/filles-de-la-charite.org\/pt-pt\/service\/promocao-das-mulheres\/\" \/>\n<meta property=\"og:site_name\" content=\"Filles de la Charit\u00e9\" \/>\n<meta property=\"article:modified_time\" content=\"2024-03-01T09:48:12+00:00\" \/>\n<meta property=\"og:image\" content=\"https:\/\/filles-de-la-charite.org\/wp-content\/uploads\/2024\/05\/para-la-web-SERVIMOS-MUJER2.jpg\" \/>\n\t<meta property=\"og:image:width\" content=\"926\" \/>\n\t<meta property=\"og:image:height\" content=\"694\" \/>\n\t<meta property=\"og:image:type\" content=\"image\/jpeg\" \/>\n<meta name=\"twitter:card\" content=\"summary_large_image\" \/>\n<meta name=\"twitter:label1\" content=\"Tempo estimado de leitura\" \/>\n\t<meta name=\"twitter:data1\" content=\"1 minuto\" \/>\n<script type=\"application\/ld+json\" class=\"yoast-schema-graph\">{\"@context\":\"https:\\\/\\\/schema.org\",\"@graph\":[{\"@type\":\"WebPage\",\"@id\":\"https:\\\/\\\/filles-de-la-charite.org\\\/pt-pt\\\/service\\\/promocao-das-mulheres\\\/\",\"url\":\"https:\\\/\\\/filles-de-la-charite.org\\\/pt-pt\\\/service\\\/promocao-das-mulheres\\\/\",\"name\":\"As mulheres - Filles de la Charit\u00e9\",\"isPartOf\":{\"@id\":\"https:\\\/\\\/filles-de-la-charite.org\\\/pt-pt\\\/#website\"},\"primaryImageOfPage\":{\"@id\":\"https:\\\/\\\/filles-de-la-charite.org\\\/pt-pt\\\/service\\\/promocao-das-mulheres\\\/#primaryimage\"},\"image\":{\"@id\":\"https:\\\/\\\/filles-de-la-charite.org\\\/pt-pt\\\/service\\\/promocao-das-mulheres\\\/#primaryimage\"},\"thumbnailUrl\":\"https:\\\/\\\/filles-de-la-charite.org\\\/wp-content\\\/uploads\\\/2024\\\/05\\\/para-la-web-SERVIMOS-MUJER2.jpg\",\"datePublished\":\"2023-10-30T15:05:58+00:00\",\"dateModified\":\"2024-03-01T09:48:12+00:00\",\"breadcrumb\":{\"@id\":\"https:\\\/\\\/filles-de-la-charite.org\\\/pt-pt\\\/service\\\/promocao-das-mulheres\\\/#breadcrumb\"},\"inLanguage\":\"pt-PT\",\"potentialAction\":[{\"@type\":\"ReadAction\",\"target\":[\"https:\\\/\\\/filles-de-la-charite.org\\\/pt-pt\\\/service\\\/promocao-das-mulheres\\\/\"]}]},{\"@type\":\"ImageObject\",\"inLanguage\":\"pt-PT\",\"@id\":\"https:\\\/\\\/filles-de-la-charite.org\\\/pt-pt\\\/service\\\/promocao-das-mulheres\\\/#primaryimage\",\"url\":\"https:\\\/\\\/filles-de-la-charite.org\\\/wp-content\\\/uploads\\\/2024\\\/05\\\/para-la-web-SERVIMOS-MUJER2.jpg\",\"contentUrl\":\"https:\\\/\\\/filles-de-la-charite.org\\\/wp-content\\\/uploads\\\/2024\\\/05\\\/para-la-web-SERVIMOS-MUJER2.jpg\",\"width\":926,\"height\":694},{\"@type\":\"BreadcrumbList\",\"@id\":\"https:\\\/\\\/filles-de-la-charite.org\\\/pt-pt\\\/service\\\/promocao-das-mulheres\\\/#breadcrumb\",\"itemListElement\":[{\"@type\":\"ListItem\",\"position\":1,\"name\":\"Services\",\"item\":\"https:\\\/\\\/filles-de-la-charite.org\\\/pt-pt\\\/service\\\/\"},{\"@type\":\"ListItem\",\"position\":2,\"name\":\"As mulheres\"}]},{\"@type\":\"WebSite\",\"@id\":\"https:\\\/\\\/filles-de-la-charite.org\\\/pt-pt\\\/#website\",\"url\":\"https:\\\/\\\/filles-de-la-charite.org\\\/pt-pt\\\/\",\"name\":\"Hijas de la Caridad\",\"description\":\"L\u2019amour de J\u00e9sus nous presse \u00e0 prendre soin des personnes les plus d\u00e9munies\",\"publisher\":{\"@id\":\"https:\\\/\\\/filles-de-la-charite.org\\\/pt-pt\\\/#organization\"},\"potentialAction\":[{\"@type\":\"SearchAction\",\"target\":{\"@type\":\"EntryPoint\",\"urlTemplate\":\"https:\\\/\\\/filles-de-la-charite.org\\\/pt-pt\\\/?s={search_term_string}\"},\"query-input\":{\"@type\":\"PropertyValueSpecification\",\"valueRequired\":true,\"valueName\":\"search_term_string\"}}],\"inLanguage\":\"pt-PT\"},{\"@type\":\"Organization\",\"@id\":\"https:\\\/\\\/filles-de-la-charite.org\\\/pt-pt\\\/#organization\",\"name\":\"Hijas de la Caridad\",\"url\":\"https:\\\/\\\/filles-de-la-charite.org\\\/pt-pt\\\/\",\"logo\":{\"@type\":\"ImageObject\",\"inLanguage\":\"pt-PT\",\"@id\":\"https:\\\/\\\/filles-de-la-charite.org\\\/pt-pt\\\/#\\\/schema\\\/logo\\\/image\\\/\",\"url\":\"https:\\\/\\\/filles-de-la-charite.org\\\/wp-content\\\/uploads\\\/2023\\\/03\\\/isotipo-Hijas-de-la-Caridad.png\",\"contentUrl\":\"https:\\\/\\\/filles-de-la-charite.org\\\/wp-content\\\/uploads\\\/2023\\\/03\\\/isotipo-Hijas-de-la-Caridad.png\",\"width\":1417,\"height\":1417,\"caption\":\"Hijas de la Caridad\"},\"image\":{\"@id\":\"https:\\\/\\\/filles-de-la-charite.org\\\/pt-pt\\\/#\\\/schema\\\/logo\\\/image\\\/\"}}]}<\/script>\n<!-- \/ Yoast SEO plugin. -->","yoast_head_json":{"title":"As mulheres - Filles de la Charit\u00e9","robots":{"index":"index","follow":"follow","max-snippet":"max-snippet:-1","max-image-preview":"max-image-preview:large","max-video-preview":"max-video-preview:-1"},"canonical":"https:\/\/filles-de-la-charite.org\/pt-pt\/service\/promocao-das-mulheres\/","og_locale":"pt_PT","og_type":"article","og_title":"As mulheres - Filles de la Charit\u00e9","og_description":"As mulheres s\u00e3o iguais aos homens em dignidade, porque cada pessoa \u00e9 imagem de Deus. Para Jesus, isso era evidente, Ele enfrentava as proibi\u00e7\u00f5es religiosas do seu tempo, falava com as mulheres, permitindo que elas se aproximassem dele, o tocassem e o seguissem. As mulheres t\u00eam uma miss\u00e3o importante e especial na constru\u00e7\u00e3o da sociedade [&hellip;]","og_url":"https:\/\/filles-de-la-charite.org\/pt-pt\/service\/promocao-das-mulheres\/","og_site_name":"Filles de la Charit\u00e9","article_modified_time":"2024-03-01T09:48:12+00:00","og_image":[{"width":926,"height":694,"url":"https:\/\/filles-de-la-charite.org\/wp-content\/uploads\/2024\/05\/para-la-web-SERVIMOS-MUJER2.jpg","type":"image\/jpeg"}],"twitter_card":"summary_large_image","twitter_misc":{"Tempo estimado de leitura":"1 minuto"},"schema":{"@context":"https:\/\/schema.org","@graph":[{"@type":"WebPage","@id":"https:\/\/filles-de-la-charite.org\/pt-pt\/service\/promocao-das-mulheres\/","url":"https:\/\/filles-de-la-charite.org\/pt-pt\/service\/promocao-das-mulheres\/","name":"As mulheres - Filles de la Charit\u00e9","isPartOf":{"@id":"https:\/\/filles-de-la-charite.org\/pt-pt\/#website"},"primaryImageOfPage":{"@id":"https:\/\/filles-de-la-charite.org\/pt-pt\/service\/promocao-das-mulheres\/#primaryimage"},"image":{"@id":"https:\/\/filles-de-la-charite.org\/pt-pt\/service\/promocao-das-mulheres\/#primaryimage"},"thumbnailUrl":"https:\/\/filles-de-la-charite.org\/wp-content\/uploads\/2024\/05\/para-la-web-SERVIMOS-MUJER2.jpg","datePublished":"2023-10-30T15:05:58+00:00","dateModified":"2024-03-01T09:48:12+00:00","breadcrumb":{"@id":"https:\/\/filles-de-la-charite.org\/pt-pt\/service\/promocao-das-mulheres\/#breadcrumb"},"inLanguage":"pt-PT","potentialAction":[{"@type":"ReadAction","target":["https:\/\/filles-de-la-charite.org\/pt-pt\/service\/promocao-das-mulheres\/"]}]},{"@type":"ImageObject","inLanguage":"pt-PT","@id":"https:\/\/filles-de-la-charite.org\/pt-pt\/service\/promocao-das-mulheres\/#primaryimage","url":"https:\/\/filles-de-la-charite.org\/wp-content\/uploads\/2024\/05\/para-la-web-SERVIMOS-MUJER2.jpg","contentUrl":"https:\/\/filles-de-la-charite.org\/wp-content\/uploads\/2024\/05\/para-la-web-SERVIMOS-MUJER2.jpg","width":926,"height":694},{"@type":"BreadcrumbList","@id":"https:\/\/filles-de-la-charite.org\/pt-pt\/service\/promocao-das-mulheres\/#breadcrumb","itemListElement":[{"@type":"ListItem","position":1,"name":"Services","item":"https:\/\/filles-de-la-charite.org\/pt-pt\/service\/"},{"@type":"ListItem","position":2,"name":"As mulheres"}]},{"@type":"WebSite","@id":"https:\/\/filles-de-la-charite.org\/pt-pt\/#website","url":"https:\/\/filles-de-la-charite.org\/pt-pt\/","name":"Hijas de la Caridad","description":"L\u2019amour de J\u00e9sus nous presse \u00e0 prendre soin des personnes les plus d\u00e9munies","publisher":{"@id":"https:\/\/filles-de-la-charite.org\/pt-pt\/#organization"},"potentialAction":[{"@type":"SearchAction","target":{"@type":"EntryPoint","urlTemplate":"https:\/\/filles-de-la-charite.org\/pt-pt\/?s={search_term_string}"},"query-input":{"@type":"PropertyValueSpecification","valueRequired":true,"valueName":"search_term_string"}}],"inLanguage":"pt-PT"},{"@type":"Organization","@id":"https:\/\/filles-de-la-charite.org\/pt-pt\/#organization","name":"Hijas de la Caridad","url":"https:\/\/filles-de-la-charite.org\/pt-pt\/","logo":{"@type":"ImageObject","inLanguage":"pt-PT","@id":"https:\/\/filles-de-la-charite.org\/pt-pt\/#\/schema\/logo\/image\/","url":"https:\/\/filles-de-la-charite.org\/wp-content\/uploads\/2023\/03\/isotipo-Hijas-de-la-Caridad.png","contentUrl":"https:\/\/filles-de-la-charite.org\/wp-content\/uploads\/2023\/03\/isotipo-Hijas-de-la-Caridad.png","width":1417,"height":1417,"caption":"Hijas de la Caridad"},"image":{"@id":"https:\/\/filles-de-la-charite.org\/pt-pt\/#\/schema\/logo\/image\/"}}]}},"_links":{"self":[{"href":"https:\/\/filles-de-la-charite.org\/pt-pt\/wp-json\/wp\/v2\/service\/30555","targetHints":{"allow":["GET"]}}],"collection":[{"href":"https:\/\/filles-de-la-charite.org\/pt-pt\/wp-json\/wp\/v2\/service"}],"about":[{"href":"https:\/\/filles-de-la-charite.org\/pt-pt\/wp-json\/wp\/v2\/types\/service"}],"wp:featuredmedia":[{"embeddable":true,"href":"https:\/\/filles-de-la-charite.org\/pt-pt\/wp-json\/wp\/v2\/media\/35496"}],"wp:attachment":[{"href":"https:\/\/filles-de-la-charite.org\/pt-pt\/wp-json\/wp\/v2\/media?parent=30555"}],"curies":[{"name":"wp","href":"https:\/\/api.w.org\/{rel}","templated":true}]}}

<h4 class="wp-block-heading">As mulheres são iguais aos homens em dignidade, porque cada pessoa é imagem de Deus. Para Jesus, isso era evidente, Ele enfrentava as proibições religiosas do seu tempo, falava com as mulheres, permitindo que elas se aproximassem dele, o tocassem e o seguissem.</h4>



<p>As mulheres têm uma missão importante e especial na construção da sociedade e do Reino de Deus. A sua singularidade e os seus dons devem ser reconhecidos e valorizados por todos porque são necessários para todos.</p>



<p>As mulheres representam 50% da população. No entanto, em muitas culturas e sociedades, são subestimadas e maltratadas. Por vezes, elas são o grupo social mais vulnerável.<br>Como discípulas de Jesus, estamos comprometidas na promoção das mulheres.<br>Trabalhamos com elas para eliminar as desigualdades, através:</p>



<ul class="wp-block-list">
<li>de patrocínio de projetos destinados a torná-las autônomas</li>



<li>oferecendo-lhes alojamento seguro</li>



<li>proporcionando-lhes alternativas contra as armadilhas da prostituição</li>



<li>buscando com elas meios para promover o papel das mulheres</li>
</ul>

<!-- This site is optimized with the Yoast SEO plugin v27.5 - https://yoast.com/product/yoast-seo-wordpress/ -->
<title>As mulheres - Filles de la Charité</title>
<meta name="robots" content="index, follow, max-snippet:-1, max-image-preview:large, max-video-preview:-1" />
<link rel="canonical" href="https://filles-de-la-charite.org/pt-pt/service/promocao-das-mulheres/" />
<meta property="og:locale" content="pt_PT" />
<meta property="og:type" content="article" />
<meta property="og:title" content="As mulheres - Filles de la Charité" />
<meta property="og:description" content="As mulheres são iguais aos homens em dignidade, porque cada pessoa é imagem de Deus. Para Jesus, isso era evidente, Ele enfrentava as proibições religiosas do seu tempo, falava com as mulheres, permitindo que elas se aproximassem dele, o tocassem e o seguissem. As mulheres têm uma missão importante e especial na construção da sociedade [&hellip;]" />
<meta property="og:url" content="https://filles-de-la-charite.org/pt-pt/service/promocao-das-mulheres/" />
<meta property="og:site_name" content="Filles de la Charité" />
<meta property="article:modified_time" content="2024-03-01T09:48:12+00:00" />
<meta property="og:image" content="https://filles-de-la-charite.org/wp-content/uploads/2024/05/para-la-web-SERVIMOS-MUJER2.jpg" />
	<meta property="og:image:width" content="926" />
	<meta property="og:image:height" content="694" />
	<meta property="og:image:type" content="image/jpeg" />
<meta name="twitter:card" content="summary_large_image" />
<meta name="twitter:label1" content="Tempo estimado de leitura" />
	<meta name="twitter:data1" content="1 minuto" />
<script type="application/ld+json" class="yoast-schema-graph">{"@context":"https:\/\/schema.org","@graph":[{"@type":"WebPage","@id":"https:\/\/filles-de-la-charite.org\/pt-pt\/service\/promocao-das-mulheres\/","url":"https:\/\/filles-de-la-charite.org\/pt-pt\/service\/promocao-das-mulheres\/","name":"As mulheres - Filles de la Charité","isPartOf":{"@id":"https:\/\/filles-de-la-charite.org\/pt-pt\/#website"},"primaryImageOfPage":{"@id":"https:\/\/filles-de-la-charite.org\/pt-pt\/service\/promocao-das-mulheres\/#primaryimage"},"image":{"@id":"https:\/\/filles-de-la-charite.org\/pt-pt\/service\/promocao-das-mulheres\/#primaryimage"},"thumbnailUrl":"https:\/\/filles-de-la-charite.org\/wp-content\/uploads\/2024\/05\/para-la-web-SERVIMOS-MUJER2.jpg","datePublished":"2023-10-30T15:05:58+00:00","dateModified":"2024-03-01T09:48:12+00:00","breadcrumb":{"@id":"https:\/\/filles-de-la-charite.org\/pt-pt\/service\/promocao-das-mulheres\/#breadcrumb"},"inLanguage":"pt-PT","potentialAction":[{"@type":"ReadAction","target":["https:\/\/filles-de-la-charite.org\/pt-pt\/service\/promocao-das-mulheres\/"]}]},{"@type":"ImageObject","inLanguage":"pt-PT","@id":"https:\/\/filles-de-la-charite.org\/pt-pt\/service\/promocao-das-mulheres\/#primaryimage","url":"https:\/\/filles-de-la-charite.org\/wp-content\/uploads\/2024\/05\/para-la-web-SERVIMOS-MUJER2.jpg","contentUrl":"https:\/\/filles-de-la-charite.org\/wp-content\/uploads\/2024\/05\/para-la-web-SERVIMOS-MUJER2.jpg","width":926,"height":694},{"@type":"BreadcrumbList","@id":"https:\/\/filles-de-la-charite.org\/pt-pt\/service\/promocao-das-mulheres\/#breadcrumb","itemListElement":[{"@type":"ListItem","position":1,"name":"Services","item":"https:\/\/filles-de-la-charite.org\/pt-pt\/service\/"},{"@type":"ListItem","position":2,"name":"As mulheres"}]},{"@type":"WebSite","@id":"https:\/\/filles-de-la-charite.org\/pt-pt\/#website","url":"https:\/\/filles-de-la-charite.org\/pt-pt\/","name":"Hijas de la Caridad","description":"L’amour de Jésus nous presse à prendre soin des personnes les plus démunies","publisher":{"@id":"https:\/\/filles-de-la-charite.org\/pt-pt\/#organization"},"potentialAction":[{"@type":"SearchAction","target":{"@type":"EntryPoint","urlTemplate":"https:\/\/filles-de-la-charite.org\/pt-pt\/?s={search_term_string}"},"query-input":{"@type":"PropertyValueSpecification","valueRequired":true,"valueName":"search_term_string"}}],"inLanguage":"pt-PT"},{"@type":"Organization","@id":"https:\/\/filles-de-la-charite.org\/pt-pt\/#organization","name":"Hijas de la Caridad","url":"https:\/\/filles-de-la-charite.org\/pt-pt\/","logo":{"@type":"ImageObject","inLanguage":"pt-PT","@id":"https:\/\/filles-de-la-charite.org\/pt-pt\/#\/schema\/logo\/image\/","url":"https:\/\/filles-de-la-charite.org\/wp-content\/uploads\/2023\/03\/isotipo-Hijas-de-la-Caridad.png","contentUrl":"https:\/\/filles-de-la-charite.org\/wp-content\/uploads\/2023\/03\/isotipo-Hijas-de-la-Caridad.png","width":1417,"height":1417,"caption":"Hijas de la Caridad"},"image":{"@id":"https:\/\/filles-de-la-charite.org\/pt-pt\/#\/schema\/logo\/image\/"}}]}</script>
<!-- / Yoast SEO plugin. -->

As mulheres - Filles de la Charité

As mulheres são iguais aos homens em dignidade, porque cada pessoa é imagem de Deus. Para Jesus, isso era evidente, Ele enfrentava as proibições religiosas do seu tempo, falava com as mulheres, permitindo que elas se aproximassem dele, o tocassem e o seguissem. As mulheres têm uma missão importante e especial na construção da sociedade [&hellip;]

Filles de la Charité

L’amour de Jésus nous presse à prendre soin des personnes les plus démunies
