{"id":30557,"date":"2023-10-30T16:31:05","date_gmt":"2023-10-30T15:31:05","guid":{"rendered":"https:\/\/hijascaridad.sjdigitaldemo.ovh\/service\/doente\/"},"modified":"2024-03-01T10:59:30","modified_gmt":"2024-03-01T09:59:30","slug":"doente","status":"publish","type":"service","link":"https:\/\/filles-de-la-charite.org\/pt-pt\/service\/doente\/","title":{"rendered":"Os doentes"},"content":{"rendered":"\n<h4 class=\"wp-block-heading\">A primeira miss\u00e3o das Filhas da Caridade foi de visitar os doentes e os indigentes na cidade e no campo. Nas suas recomenda\u00e7\u00f5es, S\u00e3o Vicente e Santa Lu\u00edsa aconselham as Irm\u00e3s a estarem atentas aos mais pequenos detalhes e levarem aux\u00edlio e consola\u00e7\u00e3o a todos.<\/h4>\n\n\n\n<p>De nossa parte, procuramos responder \u00e0s necessidades dos doentes, com respeito, cordialidade, do\u00e7ura e compaix\u00e3o: atitudes recomendadas pelos nossos Fundadores.<br>Oferecemos-lhes cuidados de qualidade, os mais adequados poss\u00edveis e trabalhamos para melhorar a sua qualidade de vida.<\/p>\n\n\n\n<p>Colocamos a disposi\u00e7\u00e3o dos mais pobres os recursos m\u00e9dicos mais avan\u00e7ados e dispon\u00edveis atualmente e nos esfor\u00e7amos para atender os doentes com compaix\u00e3o, cordialidade e muito respeito, virtudes que eram muito importantes para os Fundadores.<\/p>\n\n\n\n<p>Priorizamos e estamos presentes:<\/p>\n\n\n\n<ul class=\"wp-block-list\">\n<li>em hospitais e cl\u00ednicas<\/li>\n\n\n\n<li>em centros de atendimento<\/li>\n\n\n\n<li>em dispens\u00e1rios.<\/li>\n<\/ul>\n\n\n\n<p>Estamos comprometidas:<\/p>\n\n\n\n<ul class=\"wp-block-list\">\n<li>na luta contra a hansen\u00edase <em>\u00a0<\/em><\/li>\n\n\n\n<li>na luta contra a AIDS (SIDA)<\/li>\n<\/ul>\n\n\n\n<p>Participamos do projeto D.R.E.A.M. (Drug Resource Enhancement against AIDS and Malnutrition).<br>(Melhoria dos Recursos de Medicamentos contra a AIDS e Desnutri\u00e7\u00e3o)<br>O projeto oferece tratamento gratuito e abrangente as pessoas seropositivas na \u00c1frica, com \u00eanfase na preven\u00e7\u00e3o da transmiss\u00e3o da doen\u00e7a da m\u00e3e para o feto.<\/p>\n\n\n\n<p>Prestamos servi\u00e7os espirituais aos doentes nas capelanias dos hospitais e outras organiza\u00e7\u00f5es cat\u00f3licas.<\/p>\n","protected":false},"featured_media":1991,"template":"","meta":{"_acf_changed":false,"_et_pb_use_builder":"","_et_pb_old_content":"","_et_gb_content_width":"","_links_to":"","_links_to_target":""},"class_list":["post-30557","service","type-service","status-publish","has-post-thumbnail","hentry"],"acf":[],"yoast_head":"<!-- This site is optimized with the Yoast SEO plugin v27.5 - https:\/\/yoast.com\/product\/yoast-seo-wordpress\/ -->\n<title>Os doentes - Filles de la Charit\u00e9<\/title>\n<meta name=\"robots\" content=\"index, follow, max-snippet:-1, max-image-preview:large, max-video-preview:-1\" \/>\n<link rel=\"canonical\" href=\"https:\/\/filles-de-la-charite.org\/pt-pt\/service\/doente\/\" \/>\n<meta property=\"og:locale\" content=\"pt_PT\" \/>\n<meta property=\"og:type\" content=\"article\" \/>\n<meta property=\"og:title\" content=\"Os doentes - Filles de la Charit\u00e9\" \/>\n<meta property=\"og:description\" content=\"A primeira miss\u00e3o das Filhas da Caridade foi de visitar os doentes e os indigentes na cidade e no campo. Nas suas recomenda\u00e7\u00f5es, S\u00e3o Vicente e Santa Lu\u00edsa aconselham as Irm\u00e3s a estarem atentas aos mais pequenos detalhes e levarem aux\u00edlio e consola\u00e7\u00e3o a todos. De nossa parte, procuramos responder \u00e0s necessidades dos doentes, com [&hellip;]\" \/>\n<meta property=\"og:url\" content=\"https:\/\/filles-de-la-charite.org\/pt-pt\/service\/doente\/\" \/>\n<meta property=\"og:site_name\" content=\"Filles de la Charit\u00e9\" \/>\n<meta property=\"article:modified_time\" content=\"2024-03-01T09:59:30+00:00\" \/>\n<meta property=\"og:image\" content=\"https:\/\/filles-de-la-charite.org\/wp-content\/uploads\/2023\/04\/Sister-Mary-Felice-snap17-square-copia.jpg\" \/>\n\t<meta property=\"og:image:width\" content=\"1281\" \/>\n\t<meta property=\"og:image:height\" content=\"1281\" \/>\n\t<meta property=\"og:image:type\" content=\"image\/jpeg\" \/>\n<meta name=\"twitter:card\" content=\"summary_large_image\" \/>\n<meta name=\"twitter:label1\" content=\"Tempo estimado de leitura\" \/>\n\t<meta name=\"twitter:data1\" content=\"1 minuto\" \/>\n<script type=\"application\/ld+json\" class=\"yoast-schema-graph\">{\"@context\":\"https:\\\/\\\/schema.org\",\"@graph\":[{\"@type\":\"WebPage\",\"@id\":\"https:\\\/\\\/filles-de-la-charite.org\\\/pt-pt\\\/service\\\/doente\\\/\",\"url\":\"https:\\\/\\\/filles-de-la-charite.org\\\/pt-pt\\\/service\\\/doente\\\/\",\"name\":\"Os doentes - Filles de la Charit\u00e9\",\"isPartOf\":{\"@id\":\"https:\\\/\\\/filles-de-la-charite.org\\\/pt-pt\\\/#website\"},\"primaryImageOfPage\":{\"@id\":\"https:\\\/\\\/filles-de-la-charite.org\\\/pt-pt\\\/service\\\/doente\\\/#primaryimage\"},\"image\":{\"@id\":\"https:\\\/\\\/filles-de-la-charite.org\\\/pt-pt\\\/service\\\/doente\\\/#primaryimage\"},\"thumbnailUrl\":\"https:\\\/\\\/filles-de-la-charite.org\\\/wp-content\\\/uploads\\\/2023\\\/04\\\/Sister-Mary-Felice-snap17-square-copia.jpg\",\"datePublished\":\"2023-10-30T15:31:05+00:00\",\"dateModified\":\"2024-03-01T09:59:30+00:00\",\"breadcrumb\":{\"@id\":\"https:\\\/\\\/filles-de-la-charite.org\\\/pt-pt\\\/service\\\/doente\\\/#breadcrumb\"},\"inLanguage\":\"pt-PT\",\"potentialAction\":[{\"@type\":\"ReadAction\",\"target\":[\"https:\\\/\\\/filles-de-la-charite.org\\\/pt-pt\\\/service\\\/doente\\\/\"]}]},{\"@type\":\"ImageObject\",\"inLanguage\":\"pt-PT\",\"@id\":\"https:\\\/\\\/filles-de-la-charite.org\\\/pt-pt\\\/service\\\/doente\\\/#primaryimage\",\"url\":\"https:\\\/\\\/filles-de-la-charite.org\\\/wp-content\\\/uploads\\\/2023\\\/04\\\/Sister-Mary-Felice-snap17-square-copia.jpg\",\"contentUrl\":\"https:\\\/\\\/filles-de-la-charite.org\\\/wp-content\\\/uploads\\\/2023\\\/04\\\/Sister-Mary-Felice-snap17-square-copia.jpg\",\"width\":1281,\"height\":1281},{\"@type\":\"BreadcrumbList\",\"@id\":\"https:\\\/\\\/filles-de-la-charite.org\\\/pt-pt\\\/service\\\/doente\\\/#breadcrumb\",\"itemListElement\":[{\"@type\":\"ListItem\",\"position\":1,\"name\":\"Services\",\"item\":\"https:\\\/\\\/filles-de-la-charite.org\\\/pt-pt\\\/service\\\/\"},{\"@type\":\"ListItem\",\"position\":2,\"name\":\"Os doentes\"}]},{\"@type\":\"WebSite\",\"@id\":\"https:\\\/\\\/filles-de-la-charite.org\\\/pt-pt\\\/#website\",\"url\":\"https:\\\/\\\/filles-de-la-charite.org\\\/pt-pt\\\/\",\"name\":\"Hijas de la Caridad\",\"description\":\"L\u2019amour de J\u00e9sus nous presse \u00e0 prendre soin des personnes les plus d\u00e9munies\",\"publisher\":{\"@id\":\"https:\\\/\\\/filles-de-la-charite.org\\\/pt-pt\\\/#organization\"},\"potentialAction\":[{\"@type\":\"SearchAction\",\"target\":{\"@type\":\"EntryPoint\",\"urlTemplate\":\"https:\\\/\\\/filles-de-la-charite.org\\\/pt-pt\\\/?s={search_term_string}\"},\"query-input\":{\"@type\":\"PropertyValueSpecification\",\"valueRequired\":true,\"valueName\":\"search_term_string\"}}],\"inLanguage\":\"pt-PT\"},{\"@type\":\"Organization\",\"@id\":\"https:\\\/\\\/filles-de-la-charite.org\\\/pt-pt\\\/#organization\",\"name\":\"Hijas de la Caridad\",\"url\":\"https:\\\/\\\/filles-de-la-charite.org\\\/pt-pt\\\/\",\"logo\":{\"@type\":\"ImageObject\",\"inLanguage\":\"pt-PT\",\"@id\":\"https:\\\/\\\/filles-de-la-charite.org\\\/pt-pt\\\/#\\\/schema\\\/logo\\\/image\\\/\",\"url\":\"https:\\\/\\\/filles-de-la-charite.org\\\/wp-content\\\/uploads\\\/2023\\\/03\\\/isotipo-Hijas-de-la-Caridad.png\",\"contentUrl\":\"https:\\\/\\\/filles-de-la-charite.org\\\/wp-content\\\/uploads\\\/2023\\\/03\\\/isotipo-Hijas-de-la-Caridad.png\",\"width\":1417,\"height\":1417,\"caption\":\"Hijas de la Caridad\"},\"image\":{\"@id\":\"https:\\\/\\\/filles-de-la-charite.org\\\/pt-pt\\\/#\\\/schema\\\/logo\\\/image\\\/\"}}]}<\/script>\n<!-- \/ Yoast SEO plugin. -->","yoast_head_json":{"title":"Os doentes - Filles de la Charit\u00e9","robots":{"index":"index","follow":"follow","max-snippet":"max-snippet:-1","max-image-preview":"max-image-preview:large","max-video-preview":"max-video-preview:-1"},"canonical":"https:\/\/filles-de-la-charite.org\/pt-pt\/service\/doente\/","og_locale":"pt_PT","og_type":"article","og_title":"Os doentes - Filles de la Charit\u00e9","og_description":"A primeira miss\u00e3o das Filhas da Caridade foi de visitar os doentes e os indigentes na cidade e no campo. Nas suas recomenda\u00e7\u00f5es, S\u00e3o Vicente e Santa Lu\u00edsa aconselham as Irm\u00e3s a estarem atentas aos mais pequenos detalhes e levarem aux\u00edlio e consola\u00e7\u00e3o a todos. De nossa parte, procuramos responder \u00e0s necessidades dos doentes, com [&hellip;]","og_url":"https:\/\/filles-de-la-charite.org\/pt-pt\/service\/doente\/","og_site_name":"Filles de la Charit\u00e9","article_modified_time":"2024-03-01T09:59:30+00:00","og_image":[{"width":1281,"height":1281,"url":"https:\/\/filles-de-la-charite.org\/wp-content\/uploads\/2023\/04\/Sister-Mary-Felice-snap17-square-copia.jpg","type":"image\/jpeg"}],"twitter_card":"summary_large_image","twitter_misc":{"Tempo estimado de leitura":"1 minuto"},"schema":{"@context":"https:\/\/schema.org","@graph":[{"@type":"WebPage","@id":"https:\/\/filles-de-la-charite.org\/pt-pt\/service\/doente\/","url":"https:\/\/filles-de-la-charite.org\/pt-pt\/service\/doente\/","name":"Os doentes - Filles de la Charit\u00e9","isPartOf":{"@id":"https:\/\/filles-de-la-charite.org\/pt-pt\/#website"},"primaryImageOfPage":{"@id":"https:\/\/filles-de-la-charite.org\/pt-pt\/service\/doente\/#primaryimage"},"image":{"@id":"https:\/\/filles-de-la-charite.org\/pt-pt\/service\/doente\/#primaryimage"},"thumbnailUrl":"https:\/\/filles-de-la-charite.org\/wp-content\/uploads\/2023\/04\/Sister-Mary-Felice-snap17-square-copia.jpg","datePublished":"2023-10-30T15:31:05+00:00","dateModified":"2024-03-01T09:59:30+00:00","breadcrumb":{"@id":"https:\/\/filles-de-la-charite.org\/pt-pt\/service\/doente\/#breadcrumb"},"inLanguage":"pt-PT","potentialAction":[{"@type":"ReadAction","target":["https:\/\/filles-de-la-charite.org\/pt-pt\/service\/doente\/"]}]},{"@type":"ImageObject","inLanguage":"pt-PT","@id":"https:\/\/filles-de-la-charite.org\/pt-pt\/service\/doente\/#primaryimage","url":"https:\/\/filles-de-la-charite.org\/wp-content\/uploads\/2023\/04\/Sister-Mary-Felice-snap17-square-copia.jpg","contentUrl":"https:\/\/filles-de-la-charite.org\/wp-content\/uploads\/2023\/04\/Sister-Mary-Felice-snap17-square-copia.jpg","width":1281,"height":1281},{"@type":"BreadcrumbList","@id":"https:\/\/filles-de-la-charite.org\/pt-pt\/service\/doente\/#breadcrumb","itemListElement":[{"@type":"ListItem","position":1,"name":"Services","item":"https:\/\/filles-de-la-charite.org\/pt-pt\/service\/"},{"@type":"ListItem","position":2,"name":"Os doentes"}]},{"@type":"WebSite","@id":"https:\/\/filles-de-la-charite.org\/pt-pt\/#website","url":"https:\/\/filles-de-la-charite.org\/pt-pt\/","name":"Hijas de la Caridad","description":"L\u2019amour de J\u00e9sus nous presse \u00e0 prendre soin des personnes les plus d\u00e9munies","publisher":{"@id":"https:\/\/filles-de-la-charite.org\/pt-pt\/#organization"},"potentialAction":[{"@type":"SearchAction","target":{"@type":"EntryPoint","urlTemplate":"https:\/\/filles-de-la-charite.org\/pt-pt\/?s={search_term_string}"},"query-input":{"@type":"PropertyValueSpecification","valueRequired":true,"valueName":"search_term_string"}}],"inLanguage":"pt-PT"},{"@type":"Organization","@id":"https:\/\/filles-de-la-charite.org\/pt-pt\/#organization","name":"Hijas de la Caridad","url":"https:\/\/filles-de-la-charite.org\/pt-pt\/","logo":{"@type":"ImageObject","inLanguage":"pt-PT","@id":"https:\/\/filles-de-la-charite.org\/pt-pt\/#\/schema\/logo\/image\/","url":"https:\/\/filles-de-la-charite.org\/wp-content\/uploads\/2023\/03\/isotipo-Hijas-de-la-Caridad.png","contentUrl":"https:\/\/filles-de-la-charite.org\/wp-content\/uploads\/2023\/03\/isotipo-Hijas-de-la-Caridad.png","width":1417,"height":1417,"caption":"Hijas de la Caridad"},"image":{"@id":"https:\/\/filles-de-la-charite.org\/pt-pt\/#\/schema\/logo\/image\/"}}]}},"_links":{"self":[{"href":"https:\/\/filles-de-la-charite.org\/pt-pt\/wp-json\/wp\/v2\/service\/30557","targetHints":{"allow":["GET"]}}],"collection":[{"href":"https:\/\/filles-de-la-charite.org\/pt-pt\/wp-json\/wp\/v2\/service"}],"about":[{"href":"https:\/\/filles-de-la-charite.org\/pt-pt\/wp-json\/wp\/v2\/types\/service"}],"wp:featuredmedia":[{"embeddable":true,"href":"https:\/\/filles-de-la-charite.org\/pt-pt\/wp-json\/wp\/v2\/media\/1991"}],"wp:attachment":[{"href":"https:\/\/filles-de-la-charite.org\/pt-pt\/wp-json\/wp\/v2\/media?parent=30557"}],"curies":[{"name":"wp","href":"https:\/\/api.w.org\/{rel}","templated":true}]}}

<h4 class="wp-block-heading">A primeira missão das Filhas da Caridade foi de visitar os doentes e os indigentes na cidade e no campo. Nas suas recomendações, São Vicente e Santa Luísa aconselham as Irmãs a estarem atentas aos mais pequenos detalhes e levarem auxílio e consolação a todos.</h4>



<p>De nossa parte, procuramos responder às necessidades dos doentes, com respeito, cordialidade, doçura e compaixão: atitudes recomendadas pelos nossos Fundadores.<br>Oferecemos-lhes cuidados de qualidade, os mais adequados possíveis e trabalhamos para melhorar a sua qualidade de vida.</p>



<p>Colocamos a disposição dos mais pobres os recursos médicos mais avançados e disponíveis atualmente e nos esforçamos para atender os doentes com compaixão, cordialidade e muito respeito, virtudes que eram muito importantes para os Fundadores.</p>



<p>Priorizamos e estamos presentes:</p>



<ul class="wp-block-list">
<li>em hospitais e clínicas</li>



<li>em centros de atendimento</li>



<li>em dispensários.</li>
</ul>



<p>Estamos comprometidas:</p>



<ul class="wp-block-list">
<li>na luta contra a hanseníase <em> </em></li>



<li>na luta contra a AIDS (SIDA)</li>
</ul>



<p>Participamos do projeto D.R.E.A.M. (Drug Resource Enhancement against AIDS and Malnutrition).<br>(Melhoria dos Recursos de Medicamentos contra a AIDS e Desnutrição)<br>O projeto oferece tratamento gratuito e abrangente as pessoas seropositivas na África, com ênfase na prevenção da transmissão da doença da mãe para o feto.</p>



<p>Prestamos serviços espirituais aos doentes nas capelanias dos hospitais e outras organizações católicas.</p>

<!-- This site is optimized with the Yoast SEO plugin v27.5 - https://yoast.com/product/yoast-seo-wordpress/ -->
<title>Os doentes - Filles de la Charité</title>
<meta name="robots" content="index, follow, max-snippet:-1, max-image-preview:large, max-video-preview:-1" />
<link rel="canonical" href="https://filles-de-la-charite.org/pt-pt/service/doente/" />
<meta property="og:locale" content="pt_PT" />
<meta property="og:type" content="article" />
<meta property="og:title" content="Os doentes - Filles de la Charité" />
<meta property="og:description" content="A primeira missão das Filhas da Caridade foi de visitar os doentes e os indigentes na cidade e no campo. Nas suas recomendações, São Vicente e Santa Luísa aconselham as Irmãs a estarem atentas aos mais pequenos detalhes e levarem auxílio e consolação a todos. De nossa parte, procuramos responder às necessidades dos doentes, com [&hellip;]" />
<meta property="og:url" content="https://filles-de-la-charite.org/pt-pt/service/doente/" />
<meta property="og:site_name" content="Filles de la Charité" />
<meta property="article:modified_time" content="2024-03-01T09:59:30+00:00" />
<meta property="og:image" content="https://filles-de-la-charite.org/wp-content/uploads/2023/04/Sister-Mary-Felice-snap17-square-copia.jpg" />
	<meta property="og:image:width" content="1281" />
	<meta property="og:image:height" content="1281" />
	<meta property="og:image:type" content="image/jpeg" />
<meta name="twitter:card" content="summary_large_image" />
<meta name="twitter:label1" content="Tempo estimado de leitura" />
	<meta name="twitter:data1" content="1 minuto" />
<script type="application/ld+json" class="yoast-schema-graph">{"@context":"https:\/\/schema.org","@graph":[{"@type":"WebPage","@id":"https:\/\/filles-de-la-charite.org\/pt-pt\/service\/doente\/","url":"https:\/\/filles-de-la-charite.org\/pt-pt\/service\/doente\/","name":"Os doentes - Filles de la Charité","isPartOf":{"@id":"https:\/\/filles-de-la-charite.org\/pt-pt\/#website"},"primaryImageOfPage":{"@id":"https:\/\/filles-de-la-charite.org\/pt-pt\/service\/doente\/#primaryimage"},"image":{"@id":"https:\/\/filles-de-la-charite.org\/pt-pt\/service\/doente\/#primaryimage"},"thumbnailUrl":"https:\/\/filles-de-la-charite.org\/wp-content\/uploads\/2023\/04\/Sister-Mary-Felice-snap17-square-copia.jpg","datePublished":"2023-10-30T15:31:05+00:00","dateModified":"2024-03-01T09:59:30+00:00","breadcrumb":{"@id":"https:\/\/filles-de-la-charite.org\/pt-pt\/service\/doente\/#breadcrumb"},"inLanguage":"pt-PT","potentialAction":[{"@type":"ReadAction","target":["https:\/\/filles-de-la-charite.org\/pt-pt\/service\/doente\/"]}]},{"@type":"ImageObject","inLanguage":"pt-PT","@id":"https:\/\/filles-de-la-charite.org\/pt-pt\/service\/doente\/#primaryimage","url":"https:\/\/filles-de-la-charite.org\/wp-content\/uploads\/2023\/04\/Sister-Mary-Felice-snap17-square-copia.jpg","contentUrl":"https:\/\/filles-de-la-charite.org\/wp-content\/uploads\/2023\/04\/Sister-Mary-Felice-snap17-square-copia.jpg","width":1281,"height":1281},{"@type":"BreadcrumbList","@id":"https:\/\/filles-de-la-charite.org\/pt-pt\/service\/doente\/#breadcrumb","itemListElement":[{"@type":"ListItem","position":1,"name":"Services","item":"https:\/\/filles-de-la-charite.org\/pt-pt\/service\/"},{"@type":"ListItem","position":2,"name":"Os doentes"}]},{"@type":"WebSite","@id":"https:\/\/filles-de-la-charite.org\/pt-pt\/#website","url":"https:\/\/filles-de-la-charite.org\/pt-pt\/","name":"Hijas de la Caridad","description":"L’amour de Jésus nous presse à prendre soin des personnes les plus démunies","publisher":{"@id":"https:\/\/filles-de-la-charite.org\/pt-pt\/#organization"},"potentialAction":[{"@type":"SearchAction","target":{"@type":"EntryPoint","urlTemplate":"https:\/\/filles-de-la-charite.org\/pt-pt\/?s={search_term_string}"},"query-input":{"@type":"PropertyValueSpecification","valueRequired":true,"valueName":"search_term_string"}}],"inLanguage":"pt-PT"},{"@type":"Organization","@id":"https:\/\/filles-de-la-charite.org\/pt-pt\/#organization","name":"Hijas de la Caridad","url":"https:\/\/filles-de-la-charite.org\/pt-pt\/","logo":{"@type":"ImageObject","inLanguage":"pt-PT","@id":"https:\/\/filles-de-la-charite.org\/pt-pt\/#\/schema\/logo\/image\/","url":"https:\/\/filles-de-la-charite.org\/wp-content\/uploads\/2023\/03\/isotipo-Hijas-de-la-Caridad.png","contentUrl":"https:\/\/filles-de-la-charite.org\/wp-content\/uploads\/2023\/03\/isotipo-Hijas-de-la-Caridad.png","width":1417,"height":1417,"caption":"Hijas de la Caridad"},"image":{"@id":"https:\/\/filles-de-la-charite.org\/pt-pt\/#\/schema\/logo\/image\/"}}]}</script>
<!-- / Yoast SEO plugin. -->

Os doentes - Filles de la Charité

A primeira missão das Filhas da Caridade foi de visitar os doentes e os indigentes na cidade e no campo. Nas suas recomendações, São Vicente e Santa Luísa aconselham as Irmãs a estarem atentas aos mais pequenos detalhes e levarem auxílio e consolação a todos. De nossa parte, procuramos responder às necessidades dos doentes, com [&hellip;]

Filles de la Charité

L’amour de Jésus nous presse à prendre soin des personnes les plus démunies
