{"id":30587,"date":"2023-10-31T10:44:12","date_gmt":"2023-10-31T09:44:12","guid":{"rendered":"https:\/\/hijascaridad.sjdigitaldemo.ovh\/service\/migrantes-e-refugiados\/"},"modified":"2024-03-01T11:09:30","modified_gmt":"2024-03-01T10:09:30","slug":"migrantes-e-refugiados","status":"publish","type":"service","link":"https:\/\/filles-de-la-charite.org\/pt-pt\/service\/migrantes-e-refugiados\/","title":{"rendered":"Os refugiados e os migrantes"},"content":{"rendered":"\n<h4 class=\"wp-block-heading\">No tempo de nossos Fundadores, as guerras provocaram o \u00eaxodo de milhares de pessoas de todas as idades e classes sociais que chegavam a Paris. O Padre Vicente fez todo o poss\u00edvel para ajudar essas pessoas em dificuldades e mostrar-lhes toda a sua ternura.<\/h4>\n\n\n\n<p>Atualmente, a fome, as cat\u00e1strofes naturais, os regimes totalit\u00e1rios e corruptos e os conflitos mundiais contribu\u00edram para o aumento do n\u00famero de pessoas refugiadas, incluindo fam\u00edlias, que buscam uma vida nova, um trabalho e uma moradia. O seu sonho de uma vida digna e melhor transforma-se, muitas vezes, em pesadelo.<\/p>\n\n\n\n<p>Eles chegam sem dinheiro, sem contatos, sem alojamento e sem conhecimento da l\u00edngua. Por vezes, endividam-se para pagar aos transportadores sem escr\u00fapulos. Desta forma, o isolamento torna-os alvos f\u00e1ceis para aproveitadores que violam seus direitos. E podem at\u00e9 mesmo chegarem a cometer delitos.<\/p>\n\n\n\n<p>Inspiradas pela Palavra de Deus, reconhecemos neles a presen\u00e7a da Sagrada Fam\u00edlia no seu ex\u00edlio no Egipto e participamos na defesa e no respeito dos direitos dos migrantes e dos refugiados, na sua prote\u00e7\u00e3o e promo\u00e7\u00e3o.<\/p>\n\n\n\n<p>Oferecemos-lhes:<\/p>\n\n\n\n<ul class=\"wp-block-list\">\n<li>apoio fraterno para facilitar sua adapta\u00e7\u00e3o<\/li>\n\n\n\n<li>recursos de base<\/li>\n\n\n\n<li>assist\u00eancia em processos jur\u00eddicos<\/li>\n\n\n\n<li>hospedagem<\/li>\n\n\n\n<li>cursos de l\u00ednguas<\/li>\n\n\n\n<li>ajuda na procura de alojamento<\/li>\n<\/ul>\n","protected":false},"featured_media":2044,"template":"","meta":{"_acf_changed":false,"_et_pb_use_builder":"","_et_pb_old_content":"","_et_gb_content_width":"","_links_to":"","_links_to_target":""},"class_list":["post-30587","service","type-service","status-publish","has-post-thumbnail","hentry"],"acf":[],"yoast_head":"<!-- This site is optimized with the Yoast SEO plugin v27.5 - https:\/\/yoast.com\/product\/yoast-seo-wordpress\/ -->\n<title>Os refugiados e os migrantes - Filles de la Charit\u00e9<\/title>\n<meta name=\"robots\" content=\"index, follow, max-snippet:-1, max-image-preview:large, max-video-preview:-1\" \/>\n<link rel=\"canonical\" href=\"https:\/\/filles-de-la-charite.org\/pt-pt\/service\/migrantes-e-refugiados\/\" \/>\n<meta property=\"og:locale\" content=\"pt_PT\" \/>\n<meta property=\"og:type\" content=\"article\" \/>\n<meta property=\"og:title\" content=\"Os refugiados e os migrantes - Filles de la Charit\u00e9\" \/>\n<meta property=\"og:description\" content=\"No tempo de nossos Fundadores, as guerras provocaram o \u00eaxodo de milhares de pessoas de todas as idades e classes sociais que chegavam a Paris. O Padre Vicente fez todo o poss\u00edvel para ajudar essas pessoas em dificuldades e mostrar-lhes toda a sua ternura. Atualmente, a fome, as cat\u00e1strofes naturais, os regimes totalit\u00e1rios e corruptos [&hellip;]\" \/>\n<meta property=\"og:url\" content=\"https:\/\/filles-de-la-charite.org\/pt-pt\/service\/migrantes-e-refugiados\/\" \/>\n<meta property=\"og:site_name\" content=\"Filles de la Charit\u00e9\" \/>\n<meta property=\"article:modified_time\" content=\"2024-03-01T10:09:30+00:00\" \/>\n<meta property=\"og:image\" content=\"https:\/\/filles-de-la-charite.org\/wp-content\/uploads\/2023\/04\/migrantes.jpg\" \/>\n\t<meta property=\"og:image:width\" content=\"1920\" \/>\n\t<meta property=\"og:image:height\" content=\"1440\" \/>\n\t<meta property=\"og:image:type\" content=\"image\/jpeg\" \/>\n<meta name=\"twitter:card\" content=\"summary_large_image\" \/>\n<meta name=\"twitter:label1\" content=\"Tempo estimado de leitura\" \/>\n\t<meta name=\"twitter:data1\" content=\"1 minuto\" \/>\n<script type=\"application\/ld+json\" class=\"yoast-schema-graph\">{\"@context\":\"https:\\\/\\\/schema.org\",\"@graph\":[{\"@type\":\"WebPage\",\"@id\":\"https:\\\/\\\/filles-de-la-charite.org\\\/pt-pt\\\/service\\\/migrantes-e-refugiados\\\/\",\"url\":\"https:\\\/\\\/filles-de-la-charite.org\\\/pt-pt\\\/service\\\/migrantes-e-refugiados\\\/\",\"name\":\"Os refugiados e os migrantes - Filles de la Charit\u00e9\",\"isPartOf\":{\"@id\":\"https:\\\/\\\/filles-de-la-charite.org\\\/pt-pt\\\/#website\"},\"primaryImageOfPage\":{\"@id\":\"https:\\\/\\\/filles-de-la-charite.org\\\/pt-pt\\\/service\\\/migrantes-e-refugiados\\\/#primaryimage\"},\"image\":{\"@id\":\"https:\\\/\\\/filles-de-la-charite.org\\\/pt-pt\\\/service\\\/migrantes-e-refugiados\\\/#primaryimage\"},\"thumbnailUrl\":\"https:\\\/\\\/filles-de-la-charite.org\\\/wp-content\\\/uploads\\\/2023\\\/04\\\/migrantes.jpg\",\"datePublished\":\"2023-10-31T09:44:12+00:00\",\"dateModified\":\"2024-03-01T10:09:30+00:00\",\"breadcrumb\":{\"@id\":\"https:\\\/\\\/filles-de-la-charite.org\\\/pt-pt\\\/service\\\/migrantes-e-refugiados\\\/#breadcrumb\"},\"inLanguage\":\"pt-PT\",\"potentialAction\":[{\"@type\":\"ReadAction\",\"target\":[\"https:\\\/\\\/filles-de-la-charite.org\\\/pt-pt\\\/service\\\/migrantes-e-refugiados\\\/\"]}]},{\"@type\":\"ImageObject\",\"inLanguage\":\"pt-PT\",\"@id\":\"https:\\\/\\\/filles-de-la-charite.org\\\/pt-pt\\\/service\\\/migrantes-e-refugiados\\\/#primaryimage\",\"url\":\"https:\\\/\\\/filles-de-la-charite.org\\\/wp-content\\\/uploads\\\/2023\\\/04\\\/migrantes.jpg\",\"contentUrl\":\"https:\\\/\\\/filles-de-la-charite.org\\\/wp-content\\\/uploads\\\/2023\\\/04\\\/migrantes.jpg\",\"width\":1920,\"height\":1440},{\"@type\":\"BreadcrumbList\",\"@id\":\"https:\\\/\\\/filles-de-la-charite.org\\\/pt-pt\\\/service\\\/migrantes-e-refugiados\\\/#breadcrumb\",\"itemListElement\":[{\"@type\":\"ListItem\",\"position\":1,\"name\":\"Services\",\"item\":\"https:\\\/\\\/filles-de-la-charite.org\\\/pt-pt\\\/service\\\/\"},{\"@type\":\"ListItem\",\"position\":2,\"name\":\"Os refugiados e os migrantes\"}]},{\"@type\":\"WebSite\",\"@id\":\"https:\\\/\\\/filles-de-la-charite.org\\\/pt-pt\\\/#website\",\"url\":\"https:\\\/\\\/filles-de-la-charite.org\\\/pt-pt\\\/\",\"name\":\"Hijas de la Caridad\",\"description\":\"L\u2019amour de J\u00e9sus nous presse \u00e0 prendre soin des personnes les plus d\u00e9munies\",\"publisher\":{\"@id\":\"https:\\\/\\\/filles-de-la-charite.org\\\/pt-pt\\\/#organization\"},\"potentialAction\":[{\"@type\":\"SearchAction\",\"target\":{\"@type\":\"EntryPoint\",\"urlTemplate\":\"https:\\\/\\\/filles-de-la-charite.org\\\/pt-pt\\\/?s={search_term_string}\"},\"query-input\":{\"@type\":\"PropertyValueSpecification\",\"valueRequired\":true,\"valueName\":\"search_term_string\"}}],\"inLanguage\":\"pt-PT\"},{\"@type\":\"Organization\",\"@id\":\"https:\\\/\\\/filles-de-la-charite.org\\\/pt-pt\\\/#organization\",\"name\":\"Hijas de la Caridad\",\"url\":\"https:\\\/\\\/filles-de-la-charite.org\\\/pt-pt\\\/\",\"logo\":{\"@type\":\"ImageObject\",\"inLanguage\":\"pt-PT\",\"@id\":\"https:\\\/\\\/filles-de-la-charite.org\\\/pt-pt\\\/#\\\/schema\\\/logo\\\/image\\\/\",\"url\":\"https:\\\/\\\/filles-de-la-charite.org\\\/wp-content\\\/uploads\\\/2023\\\/03\\\/isotipo-Hijas-de-la-Caridad.png\",\"contentUrl\":\"https:\\\/\\\/filles-de-la-charite.org\\\/wp-content\\\/uploads\\\/2023\\\/03\\\/isotipo-Hijas-de-la-Caridad.png\",\"width\":1417,\"height\":1417,\"caption\":\"Hijas de la Caridad\"},\"image\":{\"@id\":\"https:\\\/\\\/filles-de-la-charite.org\\\/pt-pt\\\/#\\\/schema\\\/logo\\\/image\\\/\"}}]}<\/script>\n<!-- \/ Yoast SEO plugin. -->","yoast_head_json":{"title":"Os refugiados e os migrantes - Filles de la Charit\u00e9","robots":{"index":"index","follow":"follow","max-snippet":"max-snippet:-1","max-image-preview":"max-image-preview:large","max-video-preview":"max-video-preview:-1"},"canonical":"https:\/\/filles-de-la-charite.org\/pt-pt\/service\/migrantes-e-refugiados\/","og_locale":"pt_PT","og_type":"article","og_title":"Os refugiados e os migrantes - Filles de la Charit\u00e9","og_description":"No tempo de nossos Fundadores, as guerras provocaram o \u00eaxodo de milhares de pessoas de todas as idades e classes sociais que chegavam a Paris. O Padre Vicente fez todo o poss\u00edvel para ajudar essas pessoas em dificuldades e mostrar-lhes toda a sua ternura. Atualmente, a fome, as cat\u00e1strofes naturais, os regimes totalit\u00e1rios e corruptos [&hellip;]","og_url":"https:\/\/filles-de-la-charite.org\/pt-pt\/service\/migrantes-e-refugiados\/","og_site_name":"Filles de la Charit\u00e9","article_modified_time":"2024-03-01T10:09:30+00:00","og_image":[{"width":1920,"height":1440,"url":"https:\/\/filles-de-la-charite.org\/wp-content\/uploads\/2023\/04\/migrantes.jpg","type":"image\/jpeg"}],"twitter_card":"summary_large_image","twitter_misc":{"Tempo estimado de leitura":"1 minuto"},"schema":{"@context":"https:\/\/schema.org","@graph":[{"@type":"WebPage","@id":"https:\/\/filles-de-la-charite.org\/pt-pt\/service\/migrantes-e-refugiados\/","url":"https:\/\/filles-de-la-charite.org\/pt-pt\/service\/migrantes-e-refugiados\/","name":"Os refugiados e os migrantes - Filles de la Charit\u00e9","isPartOf":{"@id":"https:\/\/filles-de-la-charite.org\/pt-pt\/#website"},"primaryImageOfPage":{"@id":"https:\/\/filles-de-la-charite.org\/pt-pt\/service\/migrantes-e-refugiados\/#primaryimage"},"image":{"@id":"https:\/\/filles-de-la-charite.org\/pt-pt\/service\/migrantes-e-refugiados\/#primaryimage"},"thumbnailUrl":"https:\/\/filles-de-la-charite.org\/wp-content\/uploads\/2023\/04\/migrantes.jpg","datePublished":"2023-10-31T09:44:12+00:00","dateModified":"2024-03-01T10:09:30+00:00","breadcrumb":{"@id":"https:\/\/filles-de-la-charite.org\/pt-pt\/service\/migrantes-e-refugiados\/#breadcrumb"},"inLanguage":"pt-PT","potentialAction":[{"@type":"ReadAction","target":["https:\/\/filles-de-la-charite.org\/pt-pt\/service\/migrantes-e-refugiados\/"]}]},{"@type":"ImageObject","inLanguage":"pt-PT","@id":"https:\/\/filles-de-la-charite.org\/pt-pt\/service\/migrantes-e-refugiados\/#primaryimage","url":"https:\/\/filles-de-la-charite.org\/wp-content\/uploads\/2023\/04\/migrantes.jpg","contentUrl":"https:\/\/filles-de-la-charite.org\/wp-content\/uploads\/2023\/04\/migrantes.jpg","width":1920,"height":1440},{"@type":"BreadcrumbList","@id":"https:\/\/filles-de-la-charite.org\/pt-pt\/service\/migrantes-e-refugiados\/#breadcrumb","itemListElement":[{"@type":"ListItem","position":1,"name":"Services","item":"https:\/\/filles-de-la-charite.org\/pt-pt\/service\/"},{"@type":"ListItem","position":2,"name":"Os refugiados e os migrantes"}]},{"@type":"WebSite","@id":"https:\/\/filles-de-la-charite.org\/pt-pt\/#website","url":"https:\/\/filles-de-la-charite.org\/pt-pt\/","name":"Hijas de la Caridad","description":"L\u2019amour de J\u00e9sus nous presse \u00e0 prendre soin des personnes les plus d\u00e9munies","publisher":{"@id":"https:\/\/filles-de-la-charite.org\/pt-pt\/#organization"},"potentialAction":[{"@type":"SearchAction","target":{"@type":"EntryPoint","urlTemplate":"https:\/\/filles-de-la-charite.org\/pt-pt\/?s={search_term_string}"},"query-input":{"@type":"PropertyValueSpecification","valueRequired":true,"valueName":"search_term_string"}}],"inLanguage":"pt-PT"},{"@type":"Organization","@id":"https:\/\/filles-de-la-charite.org\/pt-pt\/#organization","name":"Hijas de la Caridad","url":"https:\/\/filles-de-la-charite.org\/pt-pt\/","logo":{"@type":"ImageObject","inLanguage":"pt-PT","@id":"https:\/\/filles-de-la-charite.org\/pt-pt\/#\/schema\/logo\/image\/","url":"https:\/\/filles-de-la-charite.org\/wp-content\/uploads\/2023\/03\/isotipo-Hijas-de-la-Caridad.png","contentUrl":"https:\/\/filles-de-la-charite.org\/wp-content\/uploads\/2023\/03\/isotipo-Hijas-de-la-Caridad.png","width":1417,"height":1417,"caption":"Hijas de la Caridad"},"image":{"@id":"https:\/\/filles-de-la-charite.org\/pt-pt\/#\/schema\/logo\/image\/"}}]}},"_links":{"self":[{"href":"https:\/\/filles-de-la-charite.org\/pt-pt\/wp-json\/wp\/v2\/service\/30587","targetHints":{"allow":["GET"]}}],"collection":[{"href":"https:\/\/filles-de-la-charite.org\/pt-pt\/wp-json\/wp\/v2\/service"}],"about":[{"href":"https:\/\/filles-de-la-charite.org\/pt-pt\/wp-json\/wp\/v2\/types\/service"}],"wp:featuredmedia":[{"embeddable":true,"href":"https:\/\/filles-de-la-charite.org\/pt-pt\/wp-json\/wp\/v2\/media\/2044"}],"wp:attachment":[{"href":"https:\/\/filles-de-la-charite.org\/pt-pt\/wp-json\/wp\/v2\/media?parent=30587"}],"curies":[{"name":"wp","href":"https:\/\/api.w.org\/{rel}","templated":true}]}}

<h4 class="wp-block-heading">No tempo de nossos Fundadores, as guerras provocaram o êxodo de milhares de pessoas de todas as idades e classes sociais que chegavam a Paris. O Padre Vicente fez todo o possível para ajudar essas pessoas em dificuldades e mostrar-lhes toda a sua ternura.</h4>



<p>Atualmente, a fome, as catástrofes naturais, os regimes totalitários e corruptos e os conflitos mundiais contribuíram para o aumento do número de pessoas refugiadas, incluindo famílias, que buscam uma vida nova, um trabalho e uma moradia. O seu sonho de uma vida digna e melhor transforma-se, muitas vezes, em pesadelo.</p>



<p>Eles chegam sem dinheiro, sem contatos, sem alojamento e sem conhecimento da língua. Por vezes, endividam-se para pagar aos transportadores sem escrúpulos. Desta forma, o isolamento torna-os alvos fáceis para aproveitadores que violam seus direitos. E podem até mesmo chegarem a cometer delitos.</p>



<p>Inspiradas pela Palavra de Deus, reconhecemos neles a presença da Sagrada Família no seu exílio no Egipto e participamos na defesa e no respeito dos direitos dos migrantes e dos refugiados, na sua proteção e promoção.</p>



<p>Oferecemos-lhes:</p>



<ul class="wp-block-list">
<li>apoio fraterno para facilitar sua adaptação</li>



<li>recursos de base</li>



<li>assistência em processos jurídicos</li>



<li>hospedagem</li>



<li>cursos de línguas</li>



<li>ajuda na procura de alojamento</li>
</ul>

<!-- This site is optimized with the Yoast SEO plugin v27.5 - https://yoast.com/product/yoast-seo-wordpress/ -->
<title>Os refugiados e os migrantes - Filles de la Charité</title>
<meta name="robots" content="index, follow, max-snippet:-1, max-image-preview:large, max-video-preview:-1" />
<link rel="canonical" href="https://filles-de-la-charite.org/pt-pt/service/migrantes-e-refugiados/" />
<meta property="og:locale" content="pt_PT" />
<meta property="og:type" content="article" />
<meta property="og:title" content="Os refugiados e os migrantes - Filles de la Charité" />
<meta property="og:description" content="No tempo de nossos Fundadores, as guerras provocaram o êxodo de milhares de pessoas de todas as idades e classes sociais que chegavam a Paris. O Padre Vicente fez todo o possível para ajudar essas pessoas em dificuldades e mostrar-lhes toda a sua ternura. Atualmente, a fome, as catástrofes naturais, os regimes totalitários e corruptos [&hellip;]" />
<meta property="og:url" content="https://filles-de-la-charite.org/pt-pt/service/migrantes-e-refugiados/" />
<meta property="og:site_name" content="Filles de la Charité" />
<meta property="article:modified_time" content="2024-03-01T10:09:30+00:00" />
<meta property="og:image" content="https://filles-de-la-charite.org/wp-content/uploads/2023/04/migrantes.jpg" />
	<meta property="og:image:width" content="1920" />
	<meta property="og:image:height" content="1440" />
	<meta property="og:image:type" content="image/jpeg" />
<meta name="twitter:card" content="summary_large_image" />
<meta name="twitter:label1" content="Tempo estimado de leitura" />
	<meta name="twitter:data1" content="1 minuto" />
<script type="application/ld+json" class="yoast-schema-graph">{"@context":"https:\/\/schema.org","@graph":[{"@type":"WebPage","@id":"https:\/\/filles-de-la-charite.org\/pt-pt\/service\/migrantes-e-refugiados\/","url":"https:\/\/filles-de-la-charite.org\/pt-pt\/service\/migrantes-e-refugiados\/","name":"Os refugiados e os migrantes - Filles de la Charité","isPartOf":{"@id":"https:\/\/filles-de-la-charite.org\/pt-pt\/#website"},"primaryImageOfPage":{"@id":"https:\/\/filles-de-la-charite.org\/pt-pt\/service\/migrantes-e-refugiados\/#primaryimage"},"image":{"@id":"https:\/\/filles-de-la-charite.org\/pt-pt\/service\/migrantes-e-refugiados\/#primaryimage"},"thumbnailUrl":"https:\/\/filles-de-la-charite.org\/wp-content\/uploads\/2023\/04\/migrantes.jpg","datePublished":"2023-10-31T09:44:12+00:00","dateModified":"2024-03-01T10:09:30+00:00","breadcrumb":{"@id":"https:\/\/filles-de-la-charite.org\/pt-pt\/service\/migrantes-e-refugiados\/#breadcrumb"},"inLanguage":"pt-PT","potentialAction":[{"@type":"ReadAction","target":["https:\/\/filles-de-la-charite.org\/pt-pt\/service\/migrantes-e-refugiados\/"]}]},{"@type":"ImageObject","inLanguage":"pt-PT","@id":"https:\/\/filles-de-la-charite.org\/pt-pt\/service\/migrantes-e-refugiados\/#primaryimage","url":"https:\/\/filles-de-la-charite.org\/wp-content\/uploads\/2023\/04\/migrantes.jpg","contentUrl":"https:\/\/filles-de-la-charite.org\/wp-content\/uploads\/2023\/04\/migrantes.jpg","width":1920,"height":1440},{"@type":"BreadcrumbList","@id":"https:\/\/filles-de-la-charite.org\/pt-pt\/service\/migrantes-e-refugiados\/#breadcrumb","itemListElement":[{"@type":"ListItem","position":1,"name":"Services","item":"https:\/\/filles-de-la-charite.org\/pt-pt\/service\/"},{"@type":"ListItem","position":2,"name":"Os refugiados e os migrantes"}]},{"@type":"WebSite","@id":"https:\/\/filles-de-la-charite.org\/pt-pt\/#website","url":"https:\/\/filles-de-la-charite.org\/pt-pt\/","name":"Hijas de la Caridad","description":"L’amour de Jésus nous presse à prendre soin des personnes les plus démunies","publisher":{"@id":"https:\/\/filles-de-la-charite.org\/pt-pt\/#organization"},"potentialAction":[{"@type":"SearchAction","target":{"@type":"EntryPoint","urlTemplate":"https:\/\/filles-de-la-charite.org\/pt-pt\/?s={search_term_string}"},"query-input":{"@type":"PropertyValueSpecification","valueRequired":true,"valueName":"search_term_string"}}],"inLanguage":"pt-PT"},{"@type":"Organization","@id":"https:\/\/filles-de-la-charite.org\/pt-pt\/#organization","name":"Hijas de la Caridad","url":"https:\/\/filles-de-la-charite.org\/pt-pt\/","logo":{"@type":"ImageObject","inLanguage":"pt-PT","@id":"https:\/\/filles-de-la-charite.org\/pt-pt\/#\/schema\/logo\/image\/","url":"https:\/\/filles-de-la-charite.org\/wp-content\/uploads\/2023\/03\/isotipo-Hijas-de-la-Caridad.png","contentUrl":"https:\/\/filles-de-la-charite.org\/wp-content\/uploads\/2023\/03\/isotipo-Hijas-de-la-Caridad.png","width":1417,"height":1417,"caption":"Hijas de la Caridad"},"image":{"@id":"https:\/\/filles-de-la-charite.org\/pt-pt\/#\/schema\/logo\/image\/"}}]}</script>
<!-- / Yoast SEO plugin. -->

Os refugiados e os migrantes - Filles de la Charité

No tempo de nossos Fundadores, as guerras provocaram o êxodo de milhares de pessoas de todas as idades e classes sociais que chegavam a Paris. O Padre Vicente fez todo o possível para ajudar essas pessoas em dificuldades e mostrar-lhes toda a sua ternura. Atualmente, a fome, as catástrofes naturais, os regimes totalitários e corruptos [&hellip;]

Filles de la Charité

L’amour de Jésus nous presse à prendre soin des personnes les plus démunies
