{"id":30600,"date":"2023-10-31T10:48:34","date_gmt":"2023-10-31T09:48:34","guid":{"rendered":"https:\/\/hijascaridad.sjdigitaldemo.ovh\/service\/pessoas-com-deficiencia\/"},"modified":"2024-03-01T11:16:17","modified_gmt":"2024-03-01T10:16:17","slug":"pessoas-com-deficiencia","status":"publish","type":"service","link":"https:\/\/filles-de-la-charite.org\/pt-pt\/service\/pessoas-com-deficiencia\/","title":{"rendered":"As pessoas com defici\u00eancia"},"content":{"rendered":"\n<h4 class=\"wp-block-heading\">Jesus acolheu com amor as pessoas com defici\u00eancia. Esteve pr\u00f3ximo delas, permitindo-lhes recuperar a sua dignidade. Encorajou os outros a respeit\u00e1-las e a am\u00e1-las porque s\u00e3o filhas de Deus.<\/h4>\n\n\n\n<p>Sabemos que as pessoas com defici\u00eancia precisam de cuidados especiais e, acima de tudo, de aten\u00e7\u00e3o respeitosa. Acreditamos que o amor e o apoio s\u00e3o essenciais para que elas e as suas fam\u00edlias possam desfrutar de uma vida plena.<br>Em todos os continentes, \u00e9 dada prioridade:<\/p>\n\n\n\n<ul class=\"wp-block-list\">\n<li>as pessoas com defici\u00eancias mentais e f\u00edsicas<\/li>\n\n\n\n<li>as pessoas com defici\u00eancia auditiva<\/li>\n\n\n\n<li>as crian\u00e7as e adultos com defici\u00eancia visual<\/li>\n\n\n\n<li>a reabilita\u00e7\u00e3o de pessoas com defici\u00eancias f\u00edsicas e mentais, de acordo com a legisla\u00e7\u00e3o do pa\u00eds.<\/li>\n<\/ul>\n\n\n\n<p><\/p>\n","protected":false},"featured_media":2075,"template":"","meta":{"_acf_changed":false,"_et_pb_use_builder":"","_et_pb_old_content":"","_et_gb_content_width":"","_links_to":"","_links_to_target":""},"class_list":["post-30600","service","type-service","status-publish","has-post-thumbnail","hentry"],"acf":[],"yoast_head":"<!-- This site is optimized with the Yoast SEO plugin v27.5 - https:\/\/yoast.com\/product\/yoast-seo-wordpress\/ -->\n<title>As pessoas com defici\u00eancia - Filles de la Charit\u00e9<\/title>\n<meta name=\"robots\" content=\"index, follow, max-snippet:-1, max-image-preview:large, max-video-preview:-1\" \/>\n<link rel=\"canonical\" href=\"https:\/\/filles-de-la-charite.org\/pt-pt\/service\/pessoas-com-deficiencia\/\" \/>\n<meta property=\"og:locale\" content=\"pt_PT\" \/>\n<meta property=\"og:type\" content=\"article\" \/>\n<meta property=\"og:title\" content=\"As pessoas com defici\u00eancia - Filles de la Charit\u00e9\" \/>\n<meta property=\"og:description\" content=\"Jesus acolheu com amor as pessoas com defici\u00eancia. Esteve pr\u00f3ximo delas, permitindo-lhes recuperar a sua dignidade. Encorajou os outros a respeit\u00e1-las e a am\u00e1-las porque s\u00e3o filhas de Deus. Sabemos que as pessoas com defici\u00eancia precisam de cuidados especiais e, acima de tudo, de aten\u00e7\u00e3o respeitosa. Acreditamos que o amor e o apoio s\u00e3o essenciais [&hellip;]\" \/>\n<meta property=\"og:url\" content=\"https:\/\/filles-de-la-charite.org\/pt-pt\/service\/pessoas-com-deficiencia\/\" \/>\n<meta property=\"og:site_name\" content=\"Filles de la Charit\u00e9\" \/>\n<meta property=\"article:modified_time\" content=\"2024-03-01T10:16:17+00:00\" \/>\n<meta property=\"og:image\" content=\"https:\/\/filles-de-la-charite.org\/wp-content\/uploads\/2023\/04\/sr.-Adriana.jpg\" \/>\n\t<meta property=\"og:image:width\" content=\"1920\" \/>\n\t<meta property=\"og:image:height\" content=\"1672\" \/>\n\t<meta property=\"og:image:type\" content=\"image\/jpeg\" \/>\n<meta name=\"twitter:card\" content=\"summary_large_image\" \/>\n<meta name=\"twitter:label1\" content=\"Tempo estimado de leitura\" \/>\n\t<meta name=\"twitter:data1\" content=\"1 minuto\" \/>\n<script type=\"application\/ld+json\" class=\"yoast-schema-graph\">{\"@context\":\"https:\\\/\\\/schema.org\",\"@graph\":[{\"@type\":\"WebPage\",\"@id\":\"https:\\\/\\\/filles-de-la-charite.org\\\/pt-pt\\\/service\\\/pessoas-com-deficiencia\\\/\",\"url\":\"https:\\\/\\\/filles-de-la-charite.org\\\/pt-pt\\\/service\\\/pessoas-com-deficiencia\\\/\",\"name\":\"As pessoas com defici\u00eancia - Filles de la Charit\u00e9\",\"isPartOf\":{\"@id\":\"https:\\\/\\\/filles-de-la-charite.org\\\/pt-pt\\\/#website\"},\"primaryImageOfPage\":{\"@id\":\"https:\\\/\\\/filles-de-la-charite.org\\\/pt-pt\\\/service\\\/pessoas-com-deficiencia\\\/#primaryimage\"},\"image\":{\"@id\":\"https:\\\/\\\/filles-de-la-charite.org\\\/pt-pt\\\/service\\\/pessoas-com-deficiencia\\\/#primaryimage\"},\"thumbnailUrl\":\"https:\\\/\\\/filles-de-la-charite.org\\\/wp-content\\\/uploads\\\/2023\\\/04\\\/sr.-Adriana.jpg\",\"datePublished\":\"2023-10-31T09:48:34+00:00\",\"dateModified\":\"2024-03-01T10:16:17+00:00\",\"breadcrumb\":{\"@id\":\"https:\\\/\\\/filles-de-la-charite.org\\\/pt-pt\\\/service\\\/pessoas-com-deficiencia\\\/#breadcrumb\"},\"inLanguage\":\"pt-PT\",\"potentialAction\":[{\"@type\":\"ReadAction\",\"target\":[\"https:\\\/\\\/filles-de-la-charite.org\\\/pt-pt\\\/service\\\/pessoas-com-deficiencia\\\/\"]}]},{\"@type\":\"ImageObject\",\"inLanguage\":\"pt-PT\",\"@id\":\"https:\\\/\\\/filles-de-la-charite.org\\\/pt-pt\\\/service\\\/pessoas-com-deficiencia\\\/#primaryimage\",\"url\":\"https:\\\/\\\/filles-de-la-charite.org\\\/wp-content\\\/uploads\\\/2023\\\/04\\\/sr.-Adriana.jpg\",\"contentUrl\":\"https:\\\/\\\/filles-de-la-charite.org\\\/wp-content\\\/uploads\\\/2023\\\/04\\\/sr.-Adriana.jpg\",\"width\":1920,\"height\":1672},{\"@type\":\"BreadcrumbList\",\"@id\":\"https:\\\/\\\/filles-de-la-charite.org\\\/pt-pt\\\/service\\\/pessoas-com-deficiencia\\\/#breadcrumb\",\"itemListElement\":[{\"@type\":\"ListItem\",\"position\":1,\"name\":\"Services\",\"item\":\"https:\\\/\\\/filles-de-la-charite.org\\\/pt-pt\\\/service\\\/\"},{\"@type\":\"ListItem\",\"position\":2,\"name\":\"As pessoas com defici\u00eancia\"}]},{\"@type\":\"WebSite\",\"@id\":\"https:\\\/\\\/filles-de-la-charite.org\\\/pt-pt\\\/#website\",\"url\":\"https:\\\/\\\/filles-de-la-charite.org\\\/pt-pt\\\/\",\"name\":\"Hijas de la Caridad\",\"description\":\"L\u2019amour de J\u00e9sus nous presse \u00e0 prendre soin des personnes les plus d\u00e9munies\",\"publisher\":{\"@id\":\"https:\\\/\\\/filles-de-la-charite.org\\\/pt-pt\\\/#organization\"},\"potentialAction\":[{\"@type\":\"SearchAction\",\"target\":{\"@type\":\"EntryPoint\",\"urlTemplate\":\"https:\\\/\\\/filles-de-la-charite.org\\\/pt-pt\\\/?s={search_term_string}\"},\"query-input\":{\"@type\":\"PropertyValueSpecification\",\"valueRequired\":true,\"valueName\":\"search_term_string\"}}],\"inLanguage\":\"pt-PT\"},{\"@type\":\"Organization\",\"@id\":\"https:\\\/\\\/filles-de-la-charite.org\\\/pt-pt\\\/#organization\",\"name\":\"Hijas de la Caridad\",\"url\":\"https:\\\/\\\/filles-de-la-charite.org\\\/pt-pt\\\/\",\"logo\":{\"@type\":\"ImageObject\",\"inLanguage\":\"pt-PT\",\"@id\":\"https:\\\/\\\/filles-de-la-charite.org\\\/pt-pt\\\/#\\\/schema\\\/logo\\\/image\\\/\",\"url\":\"https:\\\/\\\/filles-de-la-charite.org\\\/wp-content\\\/uploads\\\/2023\\\/03\\\/isotipo-Hijas-de-la-Caridad.png\",\"contentUrl\":\"https:\\\/\\\/filles-de-la-charite.org\\\/wp-content\\\/uploads\\\/2023\\\/03\\\/isotipo-Hijas-de-la-Caridad.png\",\"width\":1417,\"height\":1417,\"caption\":\"Hijas de la Caridad\"},\"image\":{\"@id\":\"https:\\\/\\\/filles-de-la-charite.org\\\/pt-pt\\\/#\\\/schema\\\/logo\\\/image\\\/\"}}]}<\/script>\n<!-- \/ Yoast SEO plugin. -->","yoast_head_json":{"title":"As pessoas com defici\u00eancia - Filles de la Charit\u00e9","robots":{"index":"index","follow":"follow","max-snippet":"max-snippet:-1","max-image-preview":"max-image-preview:large","max-video-preview":"max-video-preview:-1"},"canonical":"https:\/\/filles-de-la-charite.org\/pt-pt\/service\/pessoas-com-deficiencia\/","og_locale":"pt_PT","og_type":"article","og_title":"As pessoas com defici\u00eancia - Filles de la Charit\u00e9","og_description":"Jesus acolheu com amor as pessoas com defici\u00eancia. Esteve pr\u00f3ximo delas, permitindo-lhes recuperar a sua dignidade. Encorajou os outros a respeit\u00e1-las e a am\u00e1-las porque s\u00e3o filhas de Deus. Sabemos que as pessoas com defici\u00eancia precisam de cuidados especiais e, acima de tudo, de aten\u00e7\u00e3o respeitosa. Acreditamos que o amor e o apoio s\u00e3o essenciais [&hellip;]","og_url":"https:\/\/filles-de-la-charite.org\/pt-pt\/service\/pessoas-com-deficiencia\/","og_site_name":"Filles de la Charit\u00e9","article_modified_time":"2024-03-01T10:16:17+00:00","og_image":[{"width":1920,"height":1672,"url":"https:\/\/filles-de-la-charite.org\/wp-content\/uploads\/2023\/04\/sr.-Adriana.jpg","type":"image\/jpeg"}],"twitter_card":"summary_large_image","twitter_misc":{"Tempo estimado de leitura":"1 minuto"},"schema":{"@context":"https:\/\/schema.org","@graph":[{"@type":"WebPage","@id":"https:\/\/filles-de-la-charite.org\/pt-pt\/service\/pessoas-com-deficiencia\/","url":"https:\/\/filles-de-la-charite.org\/pt-pt\/service\/pessoas-com-deficiencia\/","name":"As pessoas com defici\u00eancia - Filles de la Charit\u00e9","isPartOf":{"@id":"https:\/\/filles-de-la-charite.org\/pt-pt\/#website"},"primaryImageOfPage":{"@id":"https:\/\/filles-de-la-charite.org\/pt-pt\/service\/pessoas-com-deficiencia\/#primaryimage"},"image":{"@id":"https:\/\/filles-de-la-charite.org\/pt-pt\/service\/pessoas-com-deficiencia\/#primaryimage"},"thumbnailUrl":"https:\/\/filles-de-la-charite.org\/wp-content\/uploads\/2023\/04\/sr.-Adriana.jpg","datePublished":"2023-10-31T09:48:34+00:00","dateModified":"2024-03-01T10:16:17+00:00","breadcrumb":{"@id":"https:\/\/filles-de-la-charite.org\/pt-pt\/service\/pessoas-com-deficiencia\/#breadcrumb"},"inLanguage":"pt-PT","potentialAction":[{"@type":"ReadAction","target":["https:\/\/filles-de-la-charite.org\/pt-pt\/service\/pessoas-com-deficiencia\/"]}]},{"@type":"ImageObject","inLanguage":"pt-PT","@id":"https:\/\/filles-de-la-charite.org\/pt-pt\/service\/pessoas-com-deficiencia\/#primaryimage","url":"https:\/\/filles-de-la-charite.org\/wp-content\/uploads\/2023\/04\/sr.-Adriana.jpg","contentUrl":"https:\/\/filles-de-la-charite.org\/wp-content\/uploads\/2023\/04\/sr.-Adriana.jpg","width":1920,"height":1672},{"@type":"BreadcrumbList","@id":"https:\/\/filles-de-la-charite.org\/pt-pt\/service\/pessoas-com-deficiencia\/#breadcrumb","itemListElement":[{"@type":"ListItem","position":1,"name":"Services","item":"https:\/\/filles-de-la-charite.org\/pt-pt\/service\/"},{"@type":"ListItem","position":2,"name":"As pessoas com defici\u00eancia"}]},{"@type":"WebSite","@id":"https:\/\/filles-de-la-charite.org\/pt-pt\/#website","url":"https:\/\/filles-de-la-charite.org\/pt-pt\/","name":"Hijas de la Caridad","description":"L\u2019amour de J\u00e9sus nous presse \u00e0 prendre soin des personnes les plus d\u00e9munies","publisher":{"@id":"https:\/\/filles-de-la-charite.org\/pt-pt\/#organization"},"potentialAction":[{"@type":"SearchAction","target":{"@type":"EntryPoint","urlTemplate":"https:\/\/filles-de-la-charite.org\/pt-pt\/?s={search_term_string}"},"query-input":{"@type":"PropertyValueSpecification","valueRequired":true,"valueName":"search_term_string"}}],"inLanguage":"pt-PT"},{"@type":"Organization","@id":"https:\/\/filles-de-la-charite.org\/pt-pt\/#organization","name":"Hijas de la Caridad","url":"https:\/\/filles-de-la-charite.org\/pt-pt\/","logo":{"@type":"ImageObject","inLanguage":"pt-PT","@id":"https:\/\/filles-de-la-charite.org\/pt-pt\/#\/schema\/logo\/image\/","url":"https:\/\/filles-de-la-charite.org\/wp-content\/uploads\/2023\/03\/isotipo-Hijas-de-la-Caridad.png","contentUrl":"https:\/\/filles-de-la-charite.org\/wp-content\/uploads\/2023\/03\/isotipo-Hijas-de-la-Caridad.png","width":1417,"height":1417,"caption":"Hijas de la Caridad"},"image":{"@id":"https:\/\/filles-de-la-charite.org\/pt-pt\/#\/schema\/logo\/image\/"}}]}},"_links":{"self":[{"href":"https:\/\/filles-de-la-charite.org\/pt-pt\/wp-json\/wp\/v2\/service\/30600","targetHints":{"allow":["GET"]}}],"collection":[{"href":"https:\/\/filles-de-la-charite.org\/pt-pt\/wp-json\/wp\/v2\/service"}],"about":[{"href":"https:\/\/filles-de-la-charite.org\/pt-pt\/wp-json\/wp\/v2\/types\/service"}],"wp:featuredmedia":[{"embeddable":true,"href":"https:\/\/filles-de-la-charite.org\/pt-pt\/wp-json\/wp\/v2\/media\/2075"}],"wp:attachment":[{"href":"https:\/\/filles-de-la-charite.org\/pt-pt\/wp-json\/wp\/v2\/media?parent=30600"}],"curies":[{"name":"wp","href":"https:\/\/api.w.org\/{rel}","templated":true}]}}

As pessoas com deficiência

<h4 class="wp-block-heading">Jesus acolheu com amor as pessoas com deficiência. Esteve próximo delas, permitindo-lhes recuperar a sua dignidade. Encorajou os outros a respeitá-las e a amá-las porque são filhas de Deus.</h4>



<p>Sabemos que as pessoas com deficiência precisam de cuidados especiais e, acima de tudo, de atenção respeitosa. Acreditamos que o amor e o apoio são essenciais para que elas e as suas famílias possam desfrutar de uma vida plena.<br>Em todos os continentes, é dada prioridade:</p>



<ul class="wp-block-list">
<li>as pessoas com deficiências mentais e físicas</li>



<li>as pessoas com deficiência auditiva</li>



<li>as crianças e adultos com deficiência visual</li>



<li>a reabilitação de pessoas com deficiências físicas e mentais, de acordo com a legislação do país.</li>
</ul>



<p></p>

<!-- This site is optimized with the Yoast SEO plugin v27.5 - https://yoast.com/product/yoast-seo-wordpress/ -->
<title>As pessoas com deficiência - Filles de la Charité</title>
<meta name="robots" content="index, follow, max-snippet:-1, max-image-preview:large, max-video-preview:-1" />
<link rel="canonical" href="https://filles-de-la-charite.org/pt-pt/service/pessoas-com-deficiencia/" />
<meta property="og:locale" content="pt_PT" />
<meta property="og:type" content="article" />
<meta property="og:title" content="As pessoas com deficiência - Filles de la Charité" />
<meta property="og:description" content="Jesus acolheu com amor as pessoas com deficiência. Esteve próximo delas, permitindo-lhes recuperar a sua dignidade. Encorajou os outros a respeitá-las e a amá-las porque são filhas de Deus. Sabemos que as pessoas com deficiência precisam de cuidados especiais e, acima de tudo, de atenção respeitosa. Acreditamos que o amor e o apoio são essenciais [&hellip;]" />
<meta property="og:url" content="https://filles-de-la-charite.org/pt-pt/service/pessoas-com-deficiencia/" />
<meta property="og:site_name" content="Filles de la Charité" />
<meta property="article:modified_time" content="2024-03-01T10:16:17+00:00" />
<meta property="og:image" content="https://filles-de-la-charite.org/wp-content/uploads/2023/04/sr.-Adriana.jpg" />
	<meta property="og:image:width" content="1920" />
	<meta property="og:image:height" content="1672" />
	<meta property="og:image:type" content="image/jpeg" />
<meta name="twitter:card" content="summary_large_image" />
<meta name="twitter:label1" content="Tempo estimado de leitura" />
	<meta name="twitter:data1" content="1 minuto" />
<script type="application/ld+json" class="yoast-schema-graph">{"@context":"https:\/\/schema.org","@graph":[{"@type":"WebPage","@id":"https:\/\/filles-de-la-charite.org\/pt-pt\/service\/pessoas-com-deficiencia\/","url":"https:\/\/filles-de-la-charite.org\/pt-pt\/service\/pessoas-com-deficiencia\/","name":"As pessoas com deficiência - Filles de la Charité","isPartOf":{"@id":"https:\/\/filles-de-la-charite.org\/pt-pt\/#website"},"primaryImageOfPage":{"@id":"https:\/\/filles-de-la-charite.org\/pt-pt\/service\/pessoas-com-deficiencia\/#primaryimage"},"image":{"@id":"https:\/\/filles-de-la-charite.org\/pt-pt\/service\/pessoas-com-deficiencia\/#primaryimage"},"thumbnailUrl":"https:\/\/filles-de-la-charite.org\/wp-content\/uploads\/2023\/04\/sr.-Adriana.jpg","datePublished":"2023-10-31T09:48:34+00:00","dateModified":"2024-03-01T10:16:17+00:00","breadcrumb":{"@id":"https:\/\/filles-de-la-charite.org\/pt-pt\/service\/pessoas-com-deficiencia\/#breadcrumb"},"inLanguage":"pt-PT","potentialAction":[{"@type":"ReadAction","target":["https:\/\/filles-de-la-charite.org\/pt-pt\/service\/pessoas-com-deficiencia\/"]}]},{"@type":"ImageObject","inLanguage":"pt-PT","@id":"https:\/\/filles-de-la-charite.org\/pt-pt\/service\/pessoas-com-deficiencia\/#primaryimage","url":"https:\/\/filles-de-la-charite.org\/wp-content\/uploads\/2023\/04\/sr.-Adriana.jpg","contentUrl":"https:\/\/filles-de-la-charite.org\/wp-content\/uploads\/2023\/04\/sr.-Adriana.jpg","width":1920,"height":1672},{"@type":"BreadcrumbList","@id":"https:\/\/filles-de-la-charite.org\/pt-pt\/service\/pessoas-com-deficiencia\/#breadcrumb","itemListElement":[{"@type":"ListItem","position":1,"name":"Services","item":"https:\/\/filles-de-la-charite.org\/pt-pt\/service\/"},{"@type":"ListItem","position":2,"name":"As pessoas com deficiência"}]},{"@type":"WebSite","@id":"https:\/\/filles-de-la-charite.org\/pt-pt\/#website","url":"https:\/\/filles-de-la-charite.org\/pt-pt\/","name":"Hijas de la Caridad","description":"L’amour de Jésus nous presse à prendre soin des personnes les plus démunies","publisher":{"@id":"https:\/\/filles-de-la-charite.org\/pt-pt\/#organization"},"potentialAction":[{"@type":"SearchAction","target":{"@type":"EntryPoint","urlTemplate":"https:\/\/filles-de-la-charite.org\/pt-pt\/?s={search_term_string}"},"query-input":{"@type":"PropertyValueSpecification","valueRequired":true,"valueName":"search_term_string"}}],"inLanguage":"pt-PT"},{"@type":"Organization","@id":"https:\/\/filles-de-la-charite.org\/pt-pt\/#organization","name":"Hijas de la Caridad","url":"https:\/\/filles-de-la-charite.org\/pt-pt\/","logo":{"@type":"ImageObject","inLanguage":"pt-PT","@id":"https:\/\/filles-de-la-charite.org\/pt-pt\/#\/schema\/logo\/image\/","url":"https:\/\/filles-de-la-charite.org\/wp-content\/uploads\/2023\/03\/isotipo-Hijas-de-la-Caridad.png","contentUrl":"https:\/\/filles-de-la-charite.org\/wp-content\/uploads\/2023\/03\/isotipo-Hijas-de-la-Caridad.png","width":1417,"height":1417,"caption":"Hijas de la Caridad"},"image":{"@id":"https:\/\/filles-de-la-charite.org\/pt-pt\/#\/schema\/logo\/image\/"}}]}</script>
<!-- / Yoast SEO plugin. -->

As pessoas com deficiência - Filles de la Charité

Jesus acolheu com amor as pessoas com deficiência. Esteve próximo delas, permitindo-lhes recuperar a sua dignidade. Encorajou os outros a respeitá-las e a amá-las porque são filhas de Deus. Sabemos que as pessoas com deficiência precisam de cuidados especiais e, acima de tudo, de atenção respeitosa. Acreditamos que o amor e o apoio são essenciais [&hellip;]

Filles de la Charité

L’amour de Jésus nous presse à prendre soin des personnes les plus démunies
